INSERT INTO departamentos (id, nombre,estado,created_at,updated_at) VALUES
(1, 'AMAZONAS', 1, now(),now()),
(2, 'ANCASH', 1, now(),now()),
(3, 'APURIMAC', 1, now(),now()),
(4, 'AREQUIPA', 1, now(),now()),
(5, 'AYACUCHO', 1, now(),now()),
(6, 'CAJAMARCA', 1, now(),now()),
(7, 'CALLAO', 1, now(),now()),
(8, 'CUSCO', 1, now(),now()),
(9, 'HUANCAVELICA', 1, now(),now()),
(10, 'HUANUCO', 1, now(),now()),
(11, 'ICA', 1, now(),now()),
(12, 'JUNIN', 1, now(),now()),
(13, 'LA LIBERTAD', 1, now(),now()),
(14, 'LAMBAYEQUE', 1, now(),now()),
(15, 'LIMA', 1, now(),now()),
(16, 'LORETO', 1, now(),now()),
(17, 'MADRE DE DIOS', 1, now(),now()),
(18, 'MOQUEGUA', 1, now(),now()),
(19, 'PASCO', 1, now(),now()),
(20, 'PIURA', 1, now(),now()),
(21, 'PUNO', 1, now(),now()),
(22, 'SAN MARTIN', 1, now(),now()),
(23, 'TACNA', 1, now(),now()),
(24, 'TUMBES', 1, now(),now()),
(25, 'UCAYALI', 1, now(), now());

INSERT INTO provincias (id, nombre, departamento_id, estado, created_at, updated_at) VALUES
(1, 'CHACHAPOYAS ', 1, 1, now(), now()),
(2, 'BAGUA', 1, 1, now(), now()),
(3, 'BONGARA', 1, 1, now(), now()),
(4, 'CONDORCANQUI', 1, 1, now(), now()),
(5, 'LUYA', 1, 1, now(), now()),
(6, 'RODRIGUEZ DE MENDOZA', 1, 1, now(), now()),
(7, 'UTCUBAMBA', 1, 1, now(), now()),
(8, 'HUARAZ', 2, 1, now(), now()),
(9, 'AIJA', 2, 1, now(), now()),
(10, 'ANTONIO RAYMONDI', 2, 1, now(), now()),
(11, 'ASUNCION', 2, 1, now(), now()),
(12, 'BOLOGNESI', 2, 1, now(), now()),
(13, 'CARHUAZ', 2, 1, now(), now()),
(14, 'CARLOS FERMIN FITZCARRALD', 2, 1, now(), now()),
(15, 'CASMA', 2, 1, now(), now()),
(16, 'CORONGO', 2, 1, now(), now()),
(17, 'HUARI', 2, 1, now(), now()),
(18, 'HUARMEY', 2, 1, now(), now()),
(19, 'HUAYLAS', 2, 1, now(), now()),
(20, 'MARISCAL LUZURIAGA', 2, 1, now(), now()),
(21, 'OCROS', 2, 1, now(), now()),
(22, 'PALLASCA', 2, 1, now(), now()),
(23, 'POMABAMBA', 2, 1, now(), now()),
(24, 'RECUAY', 2, 1, now(), now()),
(25, 'SANTA', 2, 1, now(), now()),
(26, 'SIHUAS', 2, 1, now(), now()),
(27, 'YUNGAY', 2, 1, now(), now()),
(28, 'ABANCAY', 3, 1, now(), now()),
(29, 'ANDAHUAYLAS', 3, 1, now(), now()),
(30, 'ANTABAMBA', 3, 1, now(), now()),
(31, 'AYMARAES', 3, 1, now(), now()),
(32, 'COTABAMBAS', 3, 1, now(), now()),
(33, 'CHINCHEROS', 3, 1, now(), now()),
(34, 'GRAU', 3, 1, now(), now()),
(35, 'AREQUIPA', 4, 1, now(), now()),
(36, 'CAMANA', 4, 1, now(), now()),
(37, 'CARAVELI', 4, 1, now(), now()),
(38, 'CASTILLA', 4, 1, now(), now()),
(39, 'CAYLLOMA', 4, 1, now(), now()),
(40, 'CONDESUYOS', 4, 1, now(), now()),
(41, 'ISLAY', 4, 1, now(), now()),
(42, 'LA UNION', 4, 1, now(), now()),
(43, 'HUAMANGA', 5, 1, now(), now()),
(44, 'CANGALLO', 5, 1, now(), now()),
(45, 'HUANCA SANCOS', 5, 1, now(), now()),
(46, 'HUANTA', 5, 1, now(), now()),
(47, 'LA MAR', 5, 1, now(), now()),
(48, 'LUCANAS', 5, 1, now(), now()),
(49, 'PARINACOCHAS', 5, 1, now(), now()),
(50, 'PAUCAR DEL SARA SARA', 5, 1, now(), now()),
(51, 'SUCRE', 5, 1, now(), now()),
(52, 'VICTOR FAJARDO', 5, 1, now(), now()),
(53, 'VILCAS HUAMAN', 5, 1, now(), now()),
(54, 'CAJAMARCA', 6, 1, now(), now()),
(55, 'CAJABAMBA', 6, 1, now(), now()),
(56, 'CELENDIN', 6, 1, now(), now()),
(57, 'CHOTA ', 6, 1, now(), now()),
(58, 'CONTUMAZA', 6, 1, now(), now()),
(59, 'CUTERVO', 6, 1, now(), now()),
(60, 'HUALGAYOC', 6, 1, now(), now()),
(61, 'JAEN', 6, 1, now(), now()),
(62, 'SAN IGNACIO', 6, 1, now(), now()),
(63, 'SAN MARCOS', 6, 1, now(), now()),
(64, 'SAN PABLO', 6, 1, now(), now()),
(65, 'SANTA CRUZ', 6, 1, now(), now()),
(66, 'CALLAO', 7, 1, now(), now()),
(67, 'CUSCO', 8, 1, now(), now()),
(68, 'ACOMAYO', 8, 1, now(), now()),
(69, 'ANTA', 8, 1, now(), now()),
(70, 'CALCA', 8, 1, now(), now()),
(71, 'CANAS', 8, 1, now(), now()),
(72, 'CANCHIS', 8, 1, now(), now()),
(73, 'CHUMBIVILCAS', 8, 1, now(), now()),
(74, 'ESPINAR', 8, 1, now(), now()),
(75, 'LA CONVENCION', 8, 1, now(), now()),
(76, 'PARURO', 8, 1, now(), now()),
(77, 'PAUCARTAMBO', 8, 1, now(), now()),
(78, 'QUISPICANCHI', 8, 1, now(), now()),
(79, 'URUBAMBA', 8, 1, now(), now()),
(80, 'HUANCAVELICA', 9, 1, now(), now()),
(81, 'ACOBAMBA', 9, 1, now(), now()),
(82, 'ANGARAES', 9, 1, now(), now()),
(83, 'CASTROVIRREYNA', 9, 1, now(), now()),
(84, 'CHURCAMPA', 9, 1, now(), now()),
(85, 'HUAYTARA', 9, 1, now(), now()),
(86, 'TAYACAJA', 9, 1, now(), now()),
(87, 'HUANUCO', 10, 1, now(), now()),
(88, 'AMBO', 10, 1, now(), now()),
(89, 'DOS DE MAYO', 10, 1, now(), now()),
(90, 'HUACAYBAMBA', 10, 1, now(), now()),
(91, 'HUAMALIES', 10, 1, now(), now()),
(92, 'LEONCIO PRADO', 10, 1, now(), now()),
(93, 'MARA&Ntilde;ON', 10, 1, now(), now()),
(94, 'PACHITEA', 10, 1, now(), now()),
(95, 'PUERTO INCA', 10, 1, now(), now()),
(96, 'LAURICOCHA', 10, 1, now(), now()),
(97, 'YAROWILCA', 10, 1, now(), now()),
(98, 'ICA', 11, 1, now(), now()),
(99, 'CHINCHA', 11, 1, now(), now()),
(100, 'NAZCA', 11, 1, now(), now()),
(101, 'PALPA', 11, 1, now(), now()),
(102, 'PISCO', 11, 1, now(), now()),
(103, 'HUANCAYO', 12, 1, now(), now()),
(104, 'CONCEPCION', 12, 1, now(), now()),
(105, 'CHANCHAMAYO', 12, 1, now(), now()),
(106, 'JAUJA', 12, 1, now(), now()),
(107, 'JUNIN', 12, 1, now(), now()),
(108, 'SATIPO', 12, 1, now(), now()),
(109, 'TARMA', 12, 1, now(), now()),
(110, 'YAULI', 12, 1, now(), now()),
(111, 'CHUPACA', 12, 1, now(), now()),
(112, 'TRUJILLO', 13, 1, now(), now()),
(113, 'ASCOPE', 13, 1, now(), now()),
(114, 'BOLIVAR', 13, 1, now(), now()),
(115, 'CHEPEN', 13, 1, now(), now()),
(116, 'JULCAN', 13, 1, now(), now()),
(117, 'OTUZCO', 13, 1, now(), now()),
(118, 'PACASMAYO', 13, 1, now(), now()),
(119, 'PATAZ', 13, 1, now(), now()),
(120, 'SANCHEZ CARRION', 13, 1, now(), now()),
(121, 'SANTIAGO DE CHUCO', 13, 1, now(), now()),
(122, 'GRAN CHIMU', 13, 1, now(), now()),
(123, 'VIRU', 13, 1, now(), now()),
(124, 'CHICLAYO', 14, 1, now(), now()),
(125, 'FERRE&Ntilde;AFE', 14, 1, now(), now()),
(126, 'LAMBAYEQUE', 14, 1, now(), now()),
(127, 'LIMA', 15, 1, now(), now()),
(128, 'BARRANCA', 15, 1, now(), now()),
(129, 'CAJATAMBO', 15, 1, now(), now()),
(130, 'CANTA', 15, 1, now(), now()),
(131, 'CA&Ntilde;ETE', 15, 1, now(), now()),
(132, 'HUARAL', 15, 1, now(), now()),
(133, 'HUAROCHIRI', 15, 1, now(), now()),
(134, 'HUAURA', 15, 1, now(), now()),
(135, 'OYON', 15, 1, now(), now()),
(136, 'YAUYOS', 15, 1, now(), now()),
(137, 'MAYNAS', 16, 1, now(), now()),
(138, 'ALTO AMAZONAS', 16, 1, now(), now()),
(139, 'LORETO', 16, 1, now(), now()),
(140, 'MARISCAL RAMON CASTILLA', 16, 1, now(), now()),
(141, 'REQUENA', 16, 1, now(), now()),
(142, 'UCAYALI', 16, 1, now(), now()),
(143, 'TAMBOPATA', 17, 1, now(), now()),
(144, 'MANU', 17, 1, now(), now()),
(145, 'TAHUAMANU', 17, 1, now(), now()),
(146, 'MARISCAL NIETO', 18, 1, now(), now()),
(147, 'GENERAL SANCHEZ CERRO', 18, 1, now(), now()),
(148, 'ILO', 18, 1, now(), now()),
(149, 'PASCO', 19, 1, now(), now()),
(150, 'DANIEL ALCIDES CARRION', 19, 1, now(), now()),
(151, 'OXAPAMPA', 19, 1, now(), now()),
(152, 'PIURA', 20, 1, now(), now()),
(153, 'AYABACA', 20, 1, now(), now()),
(154, 'HUANCABAMBA', 20, 1, now(), now()),
(155, 'MORROPON', 20, 1, now(), now()),
(156, 'PAITA', 20, 1, now(), now()),
(157, 'SULLANA', 20, 1, now(), now()),
(158, 'TALARA', 20, 1, now(), now()),
(159, 'SECHURA', 20, 1, now(), now()),
(160, 'PUNO', 21, 1, now(), now()),
(161, 'AZANGARO', 21, 1, now(), now()),
(162, 'CARABAYA', 21, 1, now(), now()),
(163, 'CHUCUITO', 21, 1, now(), now()),
(164, 'EL COLLAO', 21, 1, now(), now()),
(165, 'HUANCANE', 21, 1, now(), now()),
(166, 'LAMPA', 21, 1, now(), now()),
(167, 'MELGAR', 21, 1, now(), now()),
(168, 'MOHO', 21, 1, now(), now()),
(169, 'SAN ANTONIO DE PUTINA', 21, 1, now(), now()),
(170, 'SAN ROMAN', 21, 1, now(), now()),
(171, 'SANDIA', 21, 1, now(), now()),
(172, 'YUNGUYO', 21, 1, now(), now()),
(173, 'MOYOBAMBA', 22, 1, now(), now()),
(174, 'BELLAVISTA', 22, 1, now(), now()),
(175, 'EL DORADO', 22, 1, now(), now()),
(176, 'HUALLAGA', 22, 1, now(), now()),
(177, 'LAMAS', 22, 1, now(), now()),
(178, 'MARISCAL CACERES', 22, 1, now(), now()),
(179, 'PICOTA', 22, 1, now(), now()),
(180, 'RIOJA', 22, 1, now(), now()),
(181, 'SAN MARTIN', 22, 1, now(), now()),
(182, 'TOCACHE', 22, 1, now(), now()),
(183, 'TACNA', 23, 1, now(), now()),
(184, 'CANDARAVE', 23, 1, now(), now()),
(185, 'JORGE BASADRE', 23, 1, now(), now()),
(186, 'TARATA', 23, 1, now(), now()),
(187, 'TUMBES', 24, 1, now(), now()),
(188, 'CONTRALMIRANTE VILLAR', 24, 1, now(), now()),
(189, 'ZARUMILLA', 24, 1, now(), now()),
(190, 'CORONEL PORTILLO', 25, 1, now(), now()),
(191, 'ATALAYA', 25, 1, now(), now()),
(192, 'PADRE ABAD', 25, 1, now(), now()),
(193, 'PURUS', 25, 1, now(), now());

INSERT INTO distritos (id, nombre, provincia_id, estado, created_at, updated_at) VALUES
(1, 'CHACHAPOYAS', 1, 1, now(), now()),
(2, 'ASUNCION', 1, 1, now(), now()),
(3, 'BALSAS', 1, 1, now(), now()),
(4, 'CHETO', 1, 1, now(), now()),
(5, 'CHILIQUIN', 1, 1, now(), now()),
(6, 'CHUQUIBAMBA', 1, 1, now(), now()),
(7, 'GRANADA', 1, 1, now(), now()),
(8, 'HUANCAS', 1, 1, now(), now()),
(9, 'LA JALCA', 1, 1, now(), now()),
(10, 'LEIMEBAMBA', 1, 1, now(), now()),
(11, 'LEVANTO', 1, 1, now(), now()),
(12, 'MAGDALENA', 1, 1, now(), now()),
(13, 'MARISCAL CASTILLA', 1, 1, now(), now()),
(14, 'MOLINOPAMPA', 1, 1, now(), now()),
(15, 'MONTEVIDEO', 1, 1, now(), now()),
(16, 'OLLEROS', 1, 1, now(), now()),
(17, 'QUINJALCA', 1, 1, now(), now()),
(18, 'SAN FRANCISCO DE DAGUAS', 1, 1, now(), now()),
(19, 'SAN ISIDRO DE MAINO', 1, 1, now(), now()),
(20, 'SOLOCO', 1, 1, now(), now()),
(21, 'SONCHE', 1, 1, now(), now()),
(22, 'LA PECA', 2, 1, now(), now()),
(23, 'ARAMANGO', 2, 1, now(), now()),
(24, 'COPALLIN', 2, 1, now(), now()),
(25, 'EL PARCO', 2, 1, now(), now()),
(26, 'IMAZA', 2, 1, now(), now()),
(27, 'JUMBILLA', 3, 1, now(), now()),
(28, 'CHISQUILLA', 3, 1, now(), now()),
(29, 'CHURUJA', 3, 1, now(), now()),
(30, 'COROSHA', 3, 1, now(), now()),
(31, 'CUISPES', 3, 1, now(), now()),
(32, 'FLORIDA', 3, 1, now(), now()),
(33, 'JAZAN', 3, 1, now(), now()),
(34, 'RECTA', 3, 1, now(), now()),
(35, 'SAN CARLOS', 3, 1, now(), now()),
(36, 'SHIPASBAMBA', 3, 1, now(), now()),
(37, 'VALERA', 3, 1, now(), now()),
(38, 'YAMBRASBAMBA', 3, 1, now(), now()),
(39, 'NIEVA', 4, 1, now(), now()),
(40, 'EL CENEPA', 4, 1, now(), now()),
(41, 'RIO SANTIAGO', 4, 1, now(), now()),
(42, 'LAMUD', 5, 1, now(), now()),
(43, 'CAMPORREDONDO', 5, 1, now(), now()),
(44, 'COCABAMBA', 5, 1, now(), now()),
(45, 'COLCAMAR', 5, 1, now(), now()),
(46, 'CONILA', 5, 1, now(), now()),
(47, 'INGUILPATA', 5, 1, now(), now()),
(48, 'LONGUITA', 5, 1, now(), now()),
(49, 'LONYA CHICO', 5, 1, now(), now()),
(50, 'LUYA', 5, 1, now(), now()),
(51, 'LUYA VIEJO', 5, 1, now(), now()),
(52, 'MARIA', 5, 1, now(), now()),
(53, 'OCALLI', 5, 1, now(), now()),
(54, 'OCUMAL', 5, 1, now(), now()),
(55, 'PISUQUIA', 5, 1, now(), now()),
(56, 'PROVIDENCIA', 5, 1, now(), now()),
(57, 'SAN CRISTOBAL', 5, 1, now(), now()),
(58, 'SAN FRANCISCO DEL YESO', 5, 1, now(), now()),
(59, 'SAN JERONIMO', 5, 1, now(), now()),
(60, 'SAN JUAN DE LOPECANCHA', 5, 1, now(), now()),
(61, 'SANTA CATALINA', 5, 1, now(), now()),
(62, 'SANTO TOMAS', 5, 1, now(), now()),
(63, 'TINGO', 5, 1, now(), now()),
(64, 'TRITA', 5, 1, now(), now()),
(65, 'SAN NICOLAS', 6, 1, now(), now()),
(66, 'CHIRIMOTO', 6, 1, now(), now()),
(67, 'COCHAMAL', 6, 1, now(), now()),
(68, 'HUAMBO', 6, 1, now(), now()),
(69, 'LIMABAMBA', 6, 1, now(), now()),
(70, 'LONGAR', 6, 1, now(), now()),
(71, 'MARISCAL BENAVIDES', 6, 1, now(), now()),
(72, 'MILPUC', 6, 1, now(), now()),
(73, 'OMIA', 6, 1, now(), now()),
(74, 'SANTA ROSA', 6, 1, now(), now()),
(75, 'TOTORA', 6, 1, now(), now()),
(76, 'VISTA ALEGRE', 6, 1, now(), now()),
(77, 'BAGUA GRANDE', 7, 1, now(), now()),
(78, 'CAJARURO', 7, 1, now(), now()),
(79, 'CUMBA', 7, 1, now(), now()),
(80, 'EL MILAGRO', 7, 1, now(), now()),
(81, 'JAMALCA', 7, 1, now(), now()),
(82, 'LONYA GRANDE', 7, 1, now(), now()),
(83, 'YAMON', 7, 1, now(), now()),
(84, 'HUARAZ', 8, 1, now(), now()),
(85, 'COCHABAMBA', 8, 1, now(), now()),
(86, 'COLCABAMBA', 8, 1, now(), now()),
(87, 'HUANCHAY', 8, 1, now(), now()),
(88, 'INDEPENDENCIA', 8, 1, now(), now()),
(89, 'JANGAS', 8, 1, now(), now()),
(90, 'LA LIBERTAD', 8, 1, now(), now()),
(91, 'OLLEROS', 8, 1, now(), now()),
(92, 'PAMPAS', 8, 1, now(), now()),
(93, 'PARIACOTO', 8, 1, now(), now()),
(94, 'PIRA', 8, 1, now(), now()),
(95, 'TARICA', 8, 1, now(), now()),
(96, 'AIJA', 9, 1, now(), now()),
(97, 'CORIS', 9, 1, now(), now()),
(98, 'HUACLLAN', 9, 1, now(), now()),
(99, 'LA MERCED', 9, 1, now(), now()),
(100, 'SUCCHA', 9, 1, now(), now()),
(101, 'LLAMELLIN', 10, 1, now(), now()),
(102, 'ACZO', 10, 1, now(), now()),
(103, 'CHACCHO', 10, 1, now(), now()),
(104, 'CHINGAS', 10, 1, now(), now()),
(105, 'MIRGAS', 10, 1, now(), now()),
(106, 'SAN JUAN DE RONTOY', 10, 1, now(), now()),
(107, 'CHACAS', 11, 1, now(), now()),
(108, 'ACOCHACA', 11, 1, now(), now()),
(109, 'CHIQUIAN', 12, 1, now(), now()),
(110, 'ABELARDO PARDO LEZAMETA', 12, 1, now(), now()),
(111, 'ANTONIO RAYMONDI', 12, 1, now(), now()),
(112, 'AQUIA', 12, 1, now(), now()),
(113, 'CAJACAY', 12, 1, now(), now()),
(114, 'CANIS', 12, 1, now(), now()),
(115, 'COLQUIOC', 12, 1, now(), now()),
(116, 'HUALLANCA', 12, 1, now(), now()),
(117, 'HUASTA', 12, 1, now(), now()),
(118, 'HUAYLLACAYAN', 12, 1, now(), now()),
(119, 'LA PRIMAVERA', 12, 1, now(), now()),
(120, 'MANGAS', 12, 1, now(), now()),
(121, 'PACLLON', 12, 1, now(), now()),
(122, 'SAN MIGUEL DE CORPANQUI', 12, 1, now(), now()),
(123, 'TICLLOS', 12, 1, now(), now()),
(124, 'CARHUAZ', 13, 1, now(), now()),
(125, 'ACOPAMPA', 13, 1, now(), now()),
(126, 'AMASHCA', 13, 1, now(), now()),
(127, 'ANTA', 13, 1, now(), now()),
(128, 'ATAQUERO', 13, 1, now(), now()),
(129, 'MARCARA', 13, 1, now(), now()),
(130, 'PARIAHUANCA', 13, 1, now(), now()),
(131, 'SAN MIGUEL DE ACO', 13, 1, now(), now()),
(132, 'SHILLA', 13, 1, now(), now()),
(133, 'TINCO', 13, 1, now(), now()),
(134, 'YUNGAR', 13, 1, now(), now()),
(135, 'SAN LUIS', 14, 1, now(), now()),
(136, 'SAN NICOLAS', 14, 1, now(), now()),
(137, 'YAUYA', 14, 1, now(), now()),
(138, 'CASMA', 15, 1, now(), now()),
(139, 'BUENA VISTA ALTA', 15, 1, now(), now()),
(140, 'COMANDANTE NOEL', 15, 1, now(), now()),
(141, 'YAUTAN', 15, 1, now(), now()),
(142, 'CORONGO', 16, 1, now(), now()),
(143, 'ACO', 16, 1, now(), now()),
(144, 'BAMBAS', 16, 1, now(), now()),
(145, 'CUSCA', 16, 1, now(), now()),
(146, 'LA PAMPA', 16, 1, now(), now()),
(147, 'YANAC', 16, 1, now(), now()),
(148, 'YUPAN', 16, 1, now(), now()),
(149, 'HUARI', 17, 1, now(), now()),
(150, 'ANRA', 17, 1, now(), now()),
(151, 'CAJAY', 17, 1, now(), now()),
(152, 'CHAVIN DE HUANTAR', 17, 1, now(), now()),
(153, 'HUACACHI', 17, 1, now(), now()),
(154, 'HUACCHIS', 17, 1, now(), now()),
(155, 'HUACHIS', 17, 1, now(), now()),
(156, 'HUANTAR', 17, 1, now(), now()),
(157, 'MASIN', 17, 1, now(), now()),
(158, 'PAUCAS', 17, 1, now(), now()),
(159, 'PONTO', 17, 1, now(), now()),
(160, 'RAHUAPAMPA', 17, 1, now(), now()),
(161, 'RAPAYAN', 17, 1, now(), now()),
(162, 'SAN MARCOS', 17, 1, now(), now()),
(163, 'SAN PEDRO DE CHANA', 17, 1, now(), now()),
(164, 'UCO', 17, 1, now(), now()),
(165, 'HUARMEY', 18, 1, now(), now()),
(166, 'COCHAPETI', 18, 1, now(), now()),
(167, 'CULEBRAS', 18, 1, now(), now()),
(168, 'HUAYAN', 18, 1, now(), now()),
(169, 'MALVAS', 18, 1, now(), now()),
(170, 'CARAZ', 26, 1, now(), now()),
(171, 'HUALLANCA', 26, 1, now(), now()),
(172, 'HUATA', 26, 1, now(), now()),
(173, 'HUAYLAS', 26, 1, now(), now()),
(174, 'MATO', 26, 1, now(), now()),
(175, 'PAMPAROMAS', 26, 1, now(), now()),
(176, 'PUEBLO LIBRE', 26, 1, now(), now()),
(177, 'SANTA CRUZ', 26, 1, now(), now()),
(178, 'SANTO TORIBIO', 26, 1, now(), now()),
(179, 'YURACMARCA', 26, 1, now(), now()),
(180, 'PISCOBAMBA', 27, 1, now(), now()),
(181, 'CASCA', 27, 1, now(), now()),
(182, 'ELEAZAR GUZMAN BARRON', 27, 1, now(), now()),
(183, 'FIDEL OLIVAS ESCUDERO', 27, 1, now(), now()),
(184, 'LLAMA', 27, 1, now(), now()),
(185, 'LLUMPA', 27, 1, now(), now()),
(186, 'LUCMA', 27, 1, now(), now()),
(187, 'MUSGA', 27, 1, now(), now()),
(188, 'OCROS', 21, 1, now(), now()),
(189, 'ACAS', 21, 1, now(), now()),
(190, 'CAJAMARQUILLA', 21, 1, now(), now()),
(191, 'CARHUAPAMPA', 21, 1, now(), now()),
(192, 'COCHAS', 21, 1, now(), now()),
(193, 'CONGAS', 21, 1, now(), now()),
(194, 'LLIPA', 21, 1, now(), now()),
(195, 'SAN CRISTOBAL DE RAJAN', 21, 1, now(), now()),
(196, 'SAN PEDRO', 21, 1, now(), now()),
(197, 'SANTIAGO DE CHILCAS', 21, 1, now(), now()),
(198, 'CABANA', 22, 1, now(), now()),
(199, 'BOLOGNESI', 22, 1, now(), now()),
(200, 'CONCHUCOS', 22, 1, now(), now()),
(201, 'HUACASCHUQUE', 22, 1, now(), now()),
(202, 'HUANDOVAL', 22, 1, now(), now()),
(203, 'LACABAMBA', 22, 1, now(), now()),
(204, 'LLAPO', 22, 1, now(), now()),
(205, 'PALLASCA', 22, 1, now(), now()),
(206, 'PAMPAS', 22, 1, now(), now()),
(207, 'SANTA ROSA', 22, 1, now(), now()),
(208, 'TAUCA', 22, 1, now(), now()),
(209, 'POMABAMBA', 23, 1, now(), now()),
(210, 'HUAYLLAN', 23, 1, now(), now()),
(211, 'PAROBAMBA', 23, 1, now(), now()),
(212, 'QUINUABAMBA', 23, 1, now(), now()),
(213, 'RECUAY', 24, 1, now(), now()),
(214, 'CATAC', 24, 1, now(), now()),
(215, 'COTAPARACO', 24, 1, now(), now()),
(216, 'HUAYLLAPAMPA', 24, 1, now(), now()),
(217, 'LLACLLIN', 24, 1, now(), now()),
(218, 'MARCA', 24, 1, now(), now()),
(219, 'PAMPAS CHICO', 24, 1, now(), now()),
(220, 'PARARIN', 24, 1, now(), now()),
(221, 'TAPACOCHA', 24, 1, now(), now()),
(222, 'TICAPAMPA', 24, 1, now(), now()),
(223, 'CHIMBOTE', 25, 1, now(), now()),
(224, 'CACERES DEL PERU', 25, 1, now(), now()),
(225, 'COISHCO', 25, 1, now(), now()),
(226, 'MACATE', 25, 1, now(), now()),
(227, 'MORO', 25, 1, now(), now()),
(228, 'NEPE&Ntilde;A', 25, 1, now(), now()),
(229, 'SAMANCO', 25, 1, now(), now()),
(230, 'SANTA', 25, 1, now(), now()),
(231, 'NUEVO CHIMBOTE', 25, 1, now(), now()),
(232, 'SIHUAS', 26, 1, now(), now()),
(233, 'ACOBAMBA', 26, 1, now(), now()),
(234, 'ALFONSO UGARTE', 26, 1, now(), now()),
(235, 'CASHAPAMPA', 26, 1, now(), now()),
(236, 'CHINGALPO', 26, 1, now(), now()),
(237, 'HUAYLLABAMBA', 26, 1, now(), now()),
(238, 'QUICHES', 26, 1, now(), now()),
(239, 'RAGASH', 26, 1, now(), now()),
(240, 'SAN JUAN', 26, 1, now(), now()),
(241, 'SICSIBAMBA', 26, 1, now(), now()),
(242, 'YUNGAY', 27, 1, now(), now()),
(243, 'CASCAPARA', 27, 1, now(), now()),
(244, 'MANCOS', 27, 1, now(), now()),
(245, 'MATACOTO', 27, 1, now(), now()),
(246, 'QUILLO', 27, 1, now(), now()),
(247, 'RANRAHIRCA', 27, 1, now(), now()),
(248, 'SHUPLUY', 27, 1, now(), now()),
(249, 'YANAMA', 27, 1, now(), now()),
(250, 'ABANCAY', 28, 1, now(), now()),
(251, 'CHACOCHE', 28, 1, now(), now()),
(252, 'CIRCA', 28, 1, now(), now()),
(253, 'CURAHUASI', 28, 1, now(), now()),
(254, 'HUANIPACA', 28, 1, now(), now()),
(255, 'LAMBRAMA', 28, 1, now(), now()),
(256, 'PICHIRHUA', 28, 1, now(), now()),
(257, 'SAN PEDRO DE CACHORA', 28, 1, now(), now()),
(258, 'TAMBURCO', 28, 1, now(), now()),
(259, 'ANDAHUAYLAS', 29, 1, now(), now()),
(260, 'ANDARAPA', 29, 1, now(), now()),
(261, 'CHIARA', 29, 1, now(), now()),
(262, 'HUANCARAMA', 29, 1, now(), now()),
(263, 'HUANCARAY', 29, 1, now(), now()),
(264, 'HUAYANA', 29, 1, now(), now()),
(265, 'KISHUARA', 29, 1, now(), now()),
(266, 'PACOBAMBA', 29, 1, now(), now()),
(267, 'PACUCHA', 29, 1, now(), now()),
(268, 'PAMPACHIRI', 29, 1, now(), now()),
(269, 'POMACOCHA', 29, 1, now(), now()),
(270, 'SAN ANTONIO DE CACHI', 29, 1, now(), now()),
(271, 'SAN JERONIMO', 29, 1, now(), now()),
(272, 'SAN MIGUEL DE CHACCRAMPA', 29, 1, now(), now()),
(273, 'SANTA MARIA DE CHICMO', 29, 1, now(), now()),
(274, 'TALAVERA', 29, 1, now(), now()),
(275, 'TUMAY HUARACA', 29, 1, now(), now()),
(276, 'TURPO', 29, 1, now(), now()),
(277, 'KAQUIABAMBA', 29, 1, now(), now()),
(278, 'ANTABAMBA', 30, 1, now(), now()),
(279, 'EL ORO', 30, 1, now(), now()),
(280, 'HUAQUIRCA', 30, 1, now(), now()),
(281, 'JUAN ESPINOZA MEDRANO', 30, 1, now(), now()),
(282, 'OROPESA', 30, 1, now(), now()),
(283, 'PACHACONAS', 30, 1, now(), now()),
(284, 'SABAINO', 30, 1, now(), now()),
(285, 'CHALHUANCA', 31, 1, now(), now()),
(286, 'CAPAYA', 31, 1, now(), now()),
(287, 'CARAYBAMBA', 31, 1, now(), now()),
(288, 'CHAPIMARCA', 31, 1, now(), now()),
(289, 'COLCABAMBA', 31, 1, now(), now()),
(290, 'COTARUSE', 31, 1, now(), now()),
(291, 'HUAYLLO', 31, 1, now(), now()),
(292, 'JUSTO APU SAHUARAURA', 31, 1, now(), now()),
(293, 'LUCRE', 31, 1, now(), now()),
(294, 'POCOHUANCA', 31, 1, now(), now()),
(295, 'SAN JUAN DE CHAC&Ntilde;A', 31, 1, now(), now()),
(296, 'SA&Ntilde;AYCA', 31, 1, now(), now()),
(297, 'SORAYA', 31, 1, now(), now()),
(298, 'TAPAIRIHUA', 31, 1, now(), now()),
(299, 'TINTAY', 31, 1, now(), now()),
(300, 'TORAYA', 31, 1, now(), now()),
(301, 'YANACA', 31, 1, now(), now()),
(302, 'TAMBOBAMBA', 32, 1, now(), now()),
(303, 'COTABAMBAS', 32, 1, now(), now()),
(304, 'COYLLURQUI', 32, 1, now(), now()),
(305, 'HAQUIRA', 32, 1, now(), now()),
(306, 'MARA', 32, 1, now(), now()),
(307, 'CHALLHUAHUACHO', 32, 1, now(), now()),
(308, 'CHINCHEROS', 33, 1, now(), now()),
(309, 'ANCO-HUALLO', 33, 1, now(), now()),
(310, 'COCHARCAS', 33, 1, now(), now()),
(311, 'HUACCANA', 33, 1, now(), now()),
(312, 'OCOBAMBA', 33, 1, now(), now()),
(313, 'ONGOY', 33, 1, now(), now()),
(314, 'URANMARCA', 33, 1, now(), now()),
(315, 'RANRACANCHA', 33, 1, now(), now()),
(316, 'CHUQUIBAMBILLA', 34, 1, now(), now()),
(317, 'CURPAHUASI', 34, 1, now(), now()),
(318, 'GAMARRA', 34, 1, now(), now()),
(319, 'HUAYLLATI', 34, 1, now(), now()),
(320, 'MAMARA', 34, 1, now(), now()),
(321, 'MICAELA BASTIDAS', 34, 1, now(), now()),
(322, 'PATAYPAMPA', 34, 1, now(), now()),
(323, 'PROGRESO', 34, 1, now(), now()),
(324, 'SAN ANTONIO', 34, 1, now(), now()),
(325, 'SANTA ROSA', 34, 1, now(), now()),
(326, 'TURPAY', 34, 1, now(), now()),
(327, 'VILCABAMBA', 34, 1, now(), now()),
(328, 'VIRUNDO', 34, 1, now(), now()),
(329, 'CURASCO', 34, 1, now(), now()),
(330, 'AREQUIPA', 35, 1, now(), now()),
(331, 'ALTO SELVA ALEGRE', 35, 1, now(), now()),
(332, 'CAYMA', 35, 1, now(), now()),
(333, 'CERRO COLORADO', 35, 1, now(), now()),
(334, 'CHARACATO', 35, 1, now(), now()),
(335, 'CHIGUATA', 35, 1, now(), now()),
(336, 'JACOBO HUNTER', 35, 1, now(), now()),
(337, 'LA JOYA', 35, 1, now(), now()),
(338, 'MARIANO MELGAR', 35, 1, now(), now()),
(339, 'MIRAFLORES', 35, 1, now(), now()),
(340, 'MOLLEBAYA', 35, 1, now(), now()),
(341, 'PAUCARPATA', 35, 1, now(), now()),
(342, 'POCSI', 35, 1, now(), now()),
(343, 'POLOBAYA', 35, 1, now(), now()),
(344, 'QUEQUE&Ntilde;A', 35, 1, now(), now()),
(345, 'SABANDIA', 35, 1, now(), now()),
(346, 'SACHACA', 35, 1, now(), now()),
(347, 'SAN JUAN DE SIGUAS', 35, 1, now(), now()),
(348, 'SAN JUAN DE TARUCANI', 35, 1, now(), now()),
(349, 'SANTA ISABEL DE SIGUAS', 35, 1, now(), now()),
(350, 'SANTA RITA DE SIGUAS', 35, 1, now(), now()),
(351, 'SOCABAYA', 35, 1, now(), now()),
(352, 'TIABAYA', 35, 1, now(), now()),
(353, 'UCHUMAYO', 35, 1, now(), now()),
(354, 'VITOR', 35, 1, now(), now()),
(355, 'YANAHUARA', 35, 1, now(), now()),
(356, 'YARABAMBA', 35, 1, now(), now()),
(357, 'YURA', 35, 1, now(), now()),
(358, 'JOSE LUIS BUSTAMANTE Y RIVERO', 35, 1, now(), now()),
(359, 'CAMANA', 36, 1, now(), now()),
(360, 'JOSE MARIA QUIMPER', 36, 1, now(), now()),
(361, 'MARIANO NICOLAS VALCARCEL', 36, 1, now(), now()),
(362, 'MARISCAL CACERES', 36, 1, now(), now()),
(363, 'NICOLAS DE PIEROLA', 36, 1, now(), now()),
(364, 'OCO&Ntilde;A', 36, 1, now(), now()),
(365, 'QUILCA', 36, 1, now(), now()),
(366, 'SAMUEL PASTOR', 36, 1, now(), now()),
(367, 'CARAVELI', 37, 1, now(), now()),
(368, 'ACARI', 37, 1, now(), now()),
(369, 'ATICO', 37, 1, now(), now()),
(370, 'ATIQUIPA', 37, 1, now(), now()),
(371, 'BELLA UNION', 37, 1, now(), now()),
(372, 'CAHUACHO', 37, 1, now(), now()),
(373, 'CHALA', 37, 1, now(), now()),
(374, 'CHAPARRA', 37, 1, now(), now()),
(375, 'HUANUHUANU', 37, 1, now(), now()),
(376, 'JAQUI', 37, 1, now(), now()),
(377, 'LOMAS', 37, 1, now(), now()),
(378, 'QUICACHA', 37, 1, now(), now()),
(379, 'YAUCA', 37, 1, now(), now()),
(380, 'APLAO', 38, 1, now(), now()),
(381, 'ANDAGUA', 38, 1, now(), now()),
(382, 'AYO', 38, 1, now(), now()),
(383, 'CHACHAS', 38, 1, now(), now()),
(384, 'CHILCAYMARCA', 38, 1, now(), now()),
(385, 'CHOCO', 38, 1, now(), now()),
(386, 'HUANCARQUI', 38, 1, now(), now()),
(387, 'MACHAGUAY', 38, 1, now(), now()),
(388, 'ORCOPAMPA', 38, 1, now(), now()),
(389, 'PAMPACOLCA', 38, 1, now(), now()),
(390, 'TIPAN', 38, 1, now(), now()),
(391, 'U&Ntilde;ON', 38, 1, now(), now()),
(392, 'URACA', 38, 1, now(), now()),
(393, 'VIRACO', 38, 1, now(), now()),
(394, 'CHIVAY', 39, 1, now(), now()),
(395, 'ACHOMA', 39, 1, now(), now()),
(396, 'CABANACONDE', 39, 1, now(), now()),
(397, 'CALLALLI', 39, 1, now(), now()),
(398, 'CAYLLOMA', 39, 1, now(), now()),
(399, 'COPORAQUE', 39, 1, now(), now()),
(400, 'HUAMBO', 39, 1, now(), now()),
(401, 'HUANCA', 39, 1, now(), now()),
(402, 'ICHUPAMPA', 39, 1, now(), now()),
(403, 'LARI', 39, 1, now(), now()),
(404, 'LLUTA', 39, 1, now(), now()),
(405, 'MACA', 39, 1, now(), now()),
(406, 'MADRIGAL', 39, 1, now(), now()),
(407, 'SAN ANTONIO DE CHUCA', 39, 1, now(), now()),
(408, 'SIBAYO', 39, 1, now(), now()),
(409, 'TAPAY', 39, 1, now(), now()),
(410, 'TISCO', 39, 1, now(), now()),
(411, 'TUTI', 39, 1, now(), now()),
(412, 'YANQUE', 39, 1, now(), now()),
(413, 'MAJES', 39, 1, now(), now()),
(414, 'CHUQUIBAMBA', 40, 1, now(), now()),
(415, 'ANDARAY', 40, 1, now(), now()),
(416, 'CAYARANI', 40, 1, now(), now()),
(417, 'CHICHAS', 40, 1, now(), now()),
(418, 'IRAY', 40, 1, now(), now()),
(419, 'RIO GRANDE', 40, 1, now(), now()),
(420, 'SALAMANCA', 40, 1, now(), now()),
(421, 'YANAQUIHUA', 40, 1, now(), now()),
(422, 'MOLLENDO', 41, 1, now(), now()),
(423, 'COCACHACRA', 41, 1, now(), now()),
(424, 'DEAN VALDIVIA', 41, 1, now(), now()),
(425, 'ISLAY', 41, 1, now(), now()),
(426, 'MEJIA', 41, 1, now(), now()),
(427, 'PUNTA DE BOMBON', 41, 1, now(), now()),
(428, 'COTAHUASI', 42, 1, now(), now()),
(429, 'ALCA', 42, 1, now(), now()),
(430, 'CHARCANA', 42, 1, now(), now()),
(431, 'HUAYNACOTAS', 42, 1, now(), now()),
(432, 'PAMPAMARCA', 42, 1, now(), now()),
(433, 'PUYCA', 42, 1, now(), now()),
(434, 'QUECHUALLA', 42, 1, now(), now()),
(435, 'SAYLA', 42, 1, now(), now()),
(436, 'TAURIA', 42, 1, now(), now()),
(437, 'TOMEPAMPA', 42, 1, now(), now()),
(438, 'TORO', 42, 1, now(), now()),
(439, 'AYACUCHO', 43, 1, now(), now()),
(440, 'ACOCRO', 43, 1, now(), now()),
(441, 'ACOS VINCHOS', 43, 1, now(), now()),
(442, 'CARMEN ALTO', 43, 1, now(), now()),
(443, 'CHIARA', 43, 1, now(), now()),
(444, 'OCROS', 43, 1, now(), now()),
(445, 'PACAYCASA', 43, 1, now(), now()),
(446, 'QUINUA', 43, 1, now(), now()),
(447, 'SAN JOSE DE TICLLAS', 43, 1, now(), now()),
(448, 'SAN JUAN BAUTISTA', 43, 1, now(), now()),
(449, 'SANTIAGO DE PISCHA', 43, 1, now(), now()),
(450, 'SOCOS', 43, 1, now(), now()),
(451, 'TAMBILLO', 43, 1, now(), now()),
(452, 'VINCHOS', 43, 1, now(), now()),
(453, 'JESUS NAZARENO', 43, 1, now(), now()),
(454, 'CANGALLO', 44, 1, now(), now()),
(455, 'CHUSCHI', 44, 1, now(), now()),
(456, 'LOS MOROCHUCOS', 44, 1, now(), now()),
(457, 'MARIA PARADO DE BELLIDO', 44, 1, now(), now()),
(458, 'PARAS', 44, 1, now(), now()),
(459, 'TOTOS', 44, 1, now(), now()),
(460, 'SANCOS', 45, 1, now(), now()),
(461, 'CARAPO', 45, 1, now(), now()),
(462, 'SACSAMARCA', 45, 1, now(), now()),
(463, 'SANTIAGO DE LUCANAMARCA', 45, 1, now(), now()),
(464, 'HUANTA', 46, 1, now(), now()),
(465, 'AYAHUANCO', 46, 1, now(), now()),
(466, 'HUAMANGUILLA', 46, 1, now(), now()),
(467, 'IGUAIN', 46, 1, now(), now()),
(468, 'LURICOCHA', 46, 1, now(), now()),
(469, 'SANTILLANA', 46, 1, now(), now()),
(470, 'SIVIA', 46, 1, now(), now()),
(471, 'LLOCHEGUA', 46, 1, now(), now()),
(472, 'SAN MIGUEL', 47, 1, now(), now()),
(473, 'ANCO', 47, 1, now(), now()),
(474, 'AYNA', 47, 1, now(), now()),
(475, 'CHILCAS', 47, 1, now(), now()),
(476, 'CHUNGUI', 47, 1, now(), now()),
(477, 'LUIS CARRANZA', 47, 1, now(), now()),
(478, 'SANTA ROSA', 47, 1, now(), now()),
(479, 'TAMBO', 47, 1, now(), now()),
(480, 'PUQUIO', 48, 1, now(), now()),
(481, 'AUCARA', 48, 1, now(), now()),
(482, 'CABANA', 48, 1, now(), now()),
(483, 'CARMEN SALCEDO', 48, 1, now(), now()),
(484, 'CHAVI&Ntilde;A', 48, 1, now(), now()),
(485, 'CHIPAO', 48, 1, now(), now()),
(486, 'HUAC-HUAS', 48, 1, now(), now()),
(487, 'LARAMATE', 48, 1, now(), now()),
(488, 'LEONCIO PRADO', 48, 1, now(), now()),
(489, 'LLAUTA', 48, 1, now(), now()),
(490, 'LUCANAS', 48, 1, now(), now()),
(491, 'OCA&Ntilde;A', 48, 1, now(), now()),
(492, 'OTOCA', 48, 1, now(), now()),
(493, 'SAISA', 48, 1, now(), now()),
(494, 'SAN CRISTOBAL', 48, 1, now(), now()),
(495, 'SAN JUAN', 48, 1, now(), now()),
(496, 'SAN PEDRO', 48, 1, now(), now()),
(497, 'SAN PEDRO DE PALCO', 48, 1, now(), now()),
(498, 'SANCOS', 48, 1, now(), now()),
(499, 'SANTA ANA DE HUAYCAHUACHO', 48, 1, now(), now()),
(500, 'SANTA LUCIA', 48, 1, now(), now()),
(501, 'CORACORA', 49, 1, now(), now()),
(502, 'CHUMPI', 49, 1, now(), now()),
(503, 'CORONEL CASTA&Ntilde;EDA', 49, 1, now(), now()),
(504, 'PACAPAUSA', 49, 1, now(), now()),
(505, 'PULLO', 49, 1, now(), now()),
(506, 'PUYUSCA', 49, 1, now(), now()),
(507, 'SAN FRANCISCO DE RAVACAYCO', 49, 1, now(), now()),
(508, 'UPAHUACHO', 49, 1, now(), now()),
(509, 'PAUSA', 50, 1, now(), now()),
(510, 'COLTA', 50, 1, now(), now()),
(511, 'CORCULLA', 50, 1, now(), now()),
(512, 'LAMPA', 50, 1, now(), now()),
(513, 'MARCABAMBA', 50, 1, now(), now()),
(514, 'OYOLO', 50, 1, now(), now()),
(515, 'PARARCA', 50, 1, now(), now()),
(516, 'SAN JAVIER DE ALPABAMBA', 50, 1, now(), now()),
(517, 'SAN JOSE DE USHUA', 50, 1, now(), now()),
(518, 'SARA SARA', 50, 1, now(), now()),
(519, 'QUEROBAMBA', 51, 1, now(), now()),
(520, 'BELEN', 51, 1, now(), now()),
(521, 'CHALCOS', 51, 1, now(), now()),
(522, 'CHILCAYOC', 51, 1, now(), now()),
(523, 'HUACA&Ntilde;A', 51, 1, now(), now()),
(524, 'MORCOLLA', 51, 1, now(), now()),
(525, 'PAICO', 51, 1, now(), now()),
(526, 'SAN PEDRO DE LARCAY', 51, 1, now(), now()),
(527, 'SAN SALVADOR DE QUIJE', 51, 1, now(), now()),
(528, 'SANTIAGO DE PAUCARAY', 51, 1, now(), now()),
(529, 'SORAS', 51, 1, now(), now()),
(530, 'HUANCAPI', 52, 1, now(), now()),
(531, 'ALCAMENCA', 52, 1, now(), now()),
(532, 'APONGO', 52, 1, now(), now()),
(533, 'ASQUIPATA', 52, 1, now(), now()),
(534, 'CANARIA', 52, 1, now(), now()),
(535, 'CAYARA', 52, 1, now(), now()),
(536, 'COLCA', 52, 1, now(), now()),
(537, 'HUAMANQUIQUIA', 52, 1, now(), now()),
(538, 'HUANCARAYLLA', 52, 1, now(), now()),
(539, 'HUAYA', 52, 1, now(), now()),
(540, 'SARHUA', 52, 1, now(), now()),
(541, 'VILCANCHOS', 52, 1, now(), now()),
(542, 'VILCAS HUAMAN', 53, 1, now(), now()),
(543, 'ACCOMARCA', 53, 1, now(), now()),
(544, 'CARHUANCA', 53, 1, now(), now()),
(545, 'CONCEPCION', 53, 1, now(), now()),
(546, 'HUAMBALPA', 53, 1, now(), now()),
(547, 'INDEPENDENCIA', 53, 1, now(), now()),
(548, 'SAURAMA', 53, 1, now(), now()),
(549, 'VISCHONGO', 53, 1, now(), now()),
(550, 'CAJAMARCA', 54, 1, now(), now()),
(551, 'CAJAMARCA', 54, 1, now(), now()),
(552, 'ASUNCION', 54, 1, now(), now()),
(553, 'CHETILLA', 54, 1, now(), now()),
(554, 'COSPAN', 54, 1, now(), now()),
(555, 'ENCA&Ntilde;ADA', 54, 1, now(), now()),
(556, 'JESUS', 54, 1, now(), now()),
(557, 'LLACANORA', 54, 1, now(), now()),
(558, 'LOS BA&Ntilde;OS DEL INCA', 54, 1, now(), now()),
(559, 'MAGDALENA', 54, 1, now(), now()),
(560, 'MATARA', 54, 1, now(), now()),
(561, 'NAMORA', 54, 1, now(), now()),
(562, 'SAN JUAN', 54, 1, now(), now()),
(563, 'CAJABAMBA', 55, 1, now(), now()),
(564, 'CACHACHI', 55, 1, now(), now()),
(565, 'CONDEBAMBA', 55, 1, now(), now()),
(566, 'SITACOCHA', 55, 1, now(), now()),
(567, 'CELENDIN', 56, 1, now(), now()),
(568, 'CHUMUCH', 56, 1, now(), now()),
(569, 'CORTEGANA', 56, 1, now(), now()),
(570, 'HUASMIN', 56, 1, now(), now()),
(571, 'JORGE CHAVEZ', 56, 1, now(), now()),
(572, 'JOSE GALVEZ', 56, 1, now(), now()),
(573, 'MIGUEL IGLESIAS', 56, 1, now(), now()),
(574, 'OXAMARCA', 56, 1, now(), now()),
(575, 'SOROCHUCO', 56, 1, now(), now()),
(576, 'SUCRE', 56, 1, now(), now()),
(577, 'UTCO', 56, 1, now(), now()),
(578, 'LA LIBERTAD DE PALLAN', 56, 1, now(), now()),
(579, 'CHOTA', 57, 1, now(), now()),
(580, 'ANGUIA', 57, 1, now(), now()),
(581, 'CHADIN', 57, 1, now(), now()),
(582, 'CHIGUIRIP', 57, 1, now(), now()),
(583, 'CHIMBAN', 57, 1, now(), now()),
(584, 'CHOROPAMPA', 57, 1, now(), now()),
(585, 'COCHABAMBA', 57, 1, now(), now()),
(586, 'CONCHAN', 57, 1, now(), now()),
(587, 'HUAMBOS', 57, 1, now(), now()),
(588, 'LAJAS', 57, 1, now(), now()),
(589, 'LLAMA', 57, 1, now(), now()),
(590, 'MIRACOSTA', 57, 1, now(), now()),
(591, 'PACCHA', 57, 1, now(), now()),
(592, 'PION', 57, 1, now(), now()),
(593, 'QUEROCOTO', 57, 1, now(), now()),
(594, 'SAN JUAN DE LICUPIS', 57, 1, now(), now()),
(595, 'TACABAMBA', 57, 1, now(), now()),
(596, 'TOCMOCHE', 57, 1, now(), now()),
(597, 'CHALAMARCA', 57, 1, now(), now()),
(598, 'CONTUMAZA', 58, 1, now(), now()),
(599, 'CHILETE', 58, 1, now(), now()),
(600, 'CUPISNIQUE', 58, 1, now(), now()),
(601, 'GUZMANGO', 58, 1, now(), now()),
(602, 'SAN BENITO', 58, 1, now(), now()),
(603, 'SANTA CRUZ DE TOLED', 58, 1, now(), now()),
(604, 'TANTARICA', 58, 1, now(), now()),
(605, 'YONAN', 58, 1, now(), now()),
(606, 'CUTERVO', 59, 1, now(), now()),
(607, 'CALLAYUC', 59, 1, now(), now()),
(608, 'CHOROS', 59, 1, now(), now()),
(609, 'CUJILLO', 59, 1, now(), now()),
(610, 'LA RAMADA', 59, 1, now(), now()),
(611, 'PIMPINGOS', 59, 1, now(), now()),
(612, 'QUEROCOTILLO', 59, 1, now(), now()),
(613, 'SAN ANDRES DE CUTERVO', 59, 1, now(), now()),
(614, 'SAN JUAN DE CUTERVO', 59, 1, now(), now()),
(615, 'SAN LUIS DE LUCMA', 59, 1, now(), now()),
(616, 'SANTA CRUZ', 59, 1, now(), now()),
(617, 'SANTO DOMINGO DE LA CAPILLA', 59, 1, now(), now()),
(618, 'SANTO TOMAS', 59, 1, now(), now()),
(619, 'SOCOTA', 59, 1, now(), now()),
(620, 'TORIBIO CASANOVA', 59, 1, now(), now()),
(621, 'BAMBAMARCA', 60, 1, now(), now()),
(622, 'CHUGUR', 60, 1, now(), now()),
(623, 'HUALGAYOC', 60, 1, now(), now()),
(624, 'JAEN', 61, 1, now(), now()),
(625, 'BELLAVISTA', 61, 1, now(), now()),
(626, 'CHONTALI', 61, 1, now(), now()),
(627, 'COLASAY', 61, 1, now(), now()),
(628, 'HUABAL', 61, 1, now(), now()),
(629, 'LAS PIRIAS', 61, 1, now(), now()),
(630, 'POMAHUACA', 61, 1, now(), now()),
(631, 'PUCARA', 61, 1, now(), now()),
(632, 'SALLIQUE', 61, 1, now(), now()),
(633, 'SAN FELIPE', 61, 1, now(), now()),
(634, 'SAN JOSE DEL ALTO', 61, 1, now(), now()),
(635, 'SANTA ROSA', 61, 1, now(), now()),
(636, 'SAN IGNACIO', 62, 1, now(), now()),
(637, 'CHIRINOS', 62, 1, now(), now()),
(638, 'HUARANGO', 62, 1, now(), now()),
(639, 'LA COIPA', 62, 1, now(), now()),
(640, 'NAMBALLE', 62, 1, now(), now()),
(641, 'SAN JOSE DE LOURDES', 62, 1, now(), now()),
(642, 'TABACONAS', 62, 1, now(), now()),
(643, 'PEDRO GALVEZ', 63, 1, now(), now()),
(644, 'CHANCAY', 63, 1, now(), now()),
(645, 'EDUARDO VILLANUEVA', 63, 1, now(), now()),
(646, 'GREGORIO PITA', 63, 1, now(), now()),
(647, 'ICHOCAN', 63, 1, now(), now()),
(648, 'JOSE MANUEL QUIROZ', 63, 1, now(), now()),
(649, 'JOSE SABOGAL', 63, 1, now(), now()),
(650, 'SAN MIGUEL', 64, 1, now(), now()),
(651, 'SAN MIGUEL', 64, 1, now(), now()),
(652, 'BOLIVAR', 64, 1, now(), now()),
(653, 'CALQUIS', 64, 1, now(), now()),
(654, 'CATILLUC', 64, 1, now(), now()),
(655, 'EL PRADO', 64, 1, now(), now()),
(656, 'LA FLORIDA', 64, 1, now(), now()),
(657, 'LLAPA', 64, 1, now(), now()),
(658, 'NANCHOC', 64, 1, now(), now()),
(659, 'NIEPOS', 64, 1, now(), now()),
(660, 'SAN GREGORIO', 64, 1, now(), now()),
(661, 'SAN SILVESTRE DE COCHAN', 64, 1, now(), now()),
(662, 'TONGOD', 64, 1, now(), now()),
(663, 'UNION AGUA BLANCA', 64, 1, now(), now()),
(664, 'SAN PABLO', 65, 1, now(), now()),
(665, 'SAN BERNARDINO', 65, 1, now(), now()),
(666, 'SAN LUIS', 65, 1, now(), now()),
(667, 'TUMBADEN', 65, 1, now(), now()),
(668, 'SANTA CRUZ', 66, 1, now(), now()),
(669, 'ANDABAMBA', 66, 1, now(), now()),
(670, 'CATACHE', 66, 1, now(), now()),
(671, 'CHANCAYBA&Ntilde;OS', 66, 1, now(), now()),
(672, 'LA ESPERANZA', 66, 1, now(), now()),
(673, 'NINABAMBA', 66, 1, now(), now()),
(674, 'PULAN', 66, 1, now(), now()),
(675, 'SAUCEPAMPA', 66, 1, now(), now()),
(676, 'SEXI', 66, 1, now(), now()),
(677, 'UTICYACU', 66, 1, now(), now()),
(678, 'YAUYUCAN', 66, 1, now(), now()),
(679, 'CALLAO', 67, 1, now(), now()),
(680, 'BELLAVISTA', 67, 1, now(), now()),
(681, 'CARMEN DE LA LEGUA REYNOSO', 67, 1, now(), now()),
(682, 'LA PERLA', 67, 1, now(), now()),
(683, 'LA PUNTA', 67, 1, now(), now()),
(684, 'VENTANILLA', 67, 1, now(), now()),
(685, 'CUSCO', 67, 1, now(), now()),
(686, 'CCORCA', 67, 1, now(), now()),
(687, 'POROY', 67, 1, now(), now()),
(688, 'SAN JERONIMO', 67, 1, now(), now()),
(689, 'SAN SEBASTIAN', 67, 1, now(), now()),
(690, 'SANTIAGO', 67, 1, now(), now()),
(691, 'SAYLLA', 67, 1, now(), now()),
(692, 'WANCHAQ', 67, 1, now(), now()),
(693, 'ACOMAYO', 68, 1, now(), now()),
(694, 'ACOPIA', 68, 1, now(), now()),
(695, 'ACOS', 68, 1, now(), now()),
(696, 'MOSOC LLACTA', 68, 1, now(), now()),
(697, 'POMACANCHI', 68, 1, now(), now()),
(698, 'RONDOCAN', 68, 1, now(), now()),
(699, 'SANGARARA', 68, 1, now(), now()),
(700, 'ANTA', 69, 1, now(), now()),
(701, 'ANCAHUASI', 69, 1, now(), now()),
(702, 'CACHIMAYO', 69, 1, now(), now()),
(703, 'CHINCHAYPUJIO', 69, 1, now(), now()),
(704, 'HUAROCONDO', 69, 1, now(), now()),
(705, 'LIMATAMBO', 69, 1, now(), now()),
(706, 'MOLLEPATA', 69, 1, now(), now()),
(707, 'PUCYURA', 69, 1, now(), now()),
(708, 'ZURITE', 69, 1, now(), now()),
(709, 'CALCA', 70, 1, now(), now()),
(710, 'COYA', 70, 1, now(), now()),
(711, 'LAMAY', 70, 1, now(), now()),
(712, 'LARES', 70, 1, now(), now()),
(713, 'PISAC', 70, 1, now(), now()),
(714, 'SAN SALVADOR', 70, 1, now(), now()),
(715, 'TARAY', 70, 1, now(), now()),
(716, 'YANATILE', 70, 1, now(), now()),
(717, 'YANAOCA', 71, 1, now(), now()),
(718, 'CHECCA', 71, 1, now(), now()),
(719, 'KUNTURKANKI', 71, 1, now(), now()),
(720, 'LANGUI', 71, 1, now(), now()),
(721, 'LAYO', 71, 1, now(), now()),
(722, 'PAMPAMARCA', 71, 1, now(), now()),
(723, 'QUEHUE', 71, 1, now(), now()),
(724, 'TUPAC AMARU', 71, 1, now(), now()),
(725, 'SICUANI', 72, 1, now(), now()),
(726, 'CHECACUPE', 72, 1, now(), now()),
(727, 'COMBAPATA', 72, 1, now(), now()),
(728, 'MARANGANI', 72, 1, now(), now()),
(729, 'PITUMARCA', 72, 1, now(), now()),
(730, 'SAN PABLO', 72, 1, now(), now()),
(731, 'SAN PEDRO', 72, 1, now(), now()),
(732, 'TINTA', 72, 1, now(), now()),
(733, 'SANTO TOMAS', 73, 1, now(), now()),
(734, 'CAPACMARCA', 73, 1, now(), now()),
(735, 'CHAMACA', 73, 1, now(), now()),
(736, 'COLQUEMARCA', 73, 1, now(), now()),
(737, 'LIVITACA', 73, 1, now(), now()),
(738, 'LLUSCO', 73, 1, now(), now()),
(739, 'QUI&Ntilde;OTA', 73, 1, now(), now()),
(740, 'VELILLE', 73, 1, now(), now()),
(741, 'ESPINAR', 74, 1, now(), now()),
(742, 'CONDOROMA', 74, 1, now(), now()),
(743, 'COPORAQUE', 74, 1, now(), now()),
(744, 'OCORURO', 74, 1, now(), now()),
(745, 'PALLPATA', 74, 1, now(), now()),
(746, 'PICHIGUA', 74, 1, now(), now()),
(747, 'SUYCKUTAMBO', 74, 1, now(), now()),
(748, 'ALTO PICHIGUA', 74, 1, now(), now()),
(749, 'SANTA ANA', 75, 1, now(), now()),
(750, 'ECHARATE', 75, 1, now(), now()),
(751, 'HUAYOPATA', 75, 1, now(), now()),
(752, 'MARANURA', 75, 1, now(), now()),
(753, 'OCOBAMBA', 75, 1, now(), now()),
(754, 'QUELLOUNO', 75, 1, now(), now()),
(755, 'KIMBIRI', 75, 1, now(), now()),
(756, 'SANTA TERESA', 75, 1, now(), now()),
(757, 'VILCABAMBA', 75, 1, now(), now()),
(758, 'PICHARI', 75, 1, now(), now()),
(759, 'PARURO', 76, 1, now(), now()),
(760, 'ACCHA', 76, 1, now(), now()),
(761, 'CCAPI', 76, 1, now(), now()),
(762, 'COLCHA', 76, 1, now(), now()),
(763, 'HUANOQUITE', 76, 1, now(), now()),
(764, 'OMACHA', 76, 1, now(), now()),
(765, 'PACCARITAMBO', 76, 1, now(), now()),
(766, 'PILLPINTO', 76, 1, now(), now()),
(767, 'YAURISQUE', 76, 1, now(), now()),
(768, 'PAUCARTAMBO', 77, 1, now(), now()),
(769, 'CAICAY', 77, 1, now(), now()),
(770, 'CHALLABAMBA', 77, 1, now(), now()),
(771, 'COLQUEPATA', 77, 1, now(), now()),
(772, 'HUANCARANI', 77, 1, now(), now()),
(773, 'KOS&Ntilde;IPATA', 77, 1, now(), now()),
(774, 'URCOS', 78, 1, now(), now()),
(775, 'ANDAHUAYLILLAS', 78, 1, now(), now()),
(776, 'CAMANTI', 78, 1, now(), now()),
(777, 'CCARHUAYO', 78, 1, now(), now()),
(778, 'CCATCA', 78, 1, now(), now()),
(779, 'CUSIPATA', 78, 1, now(), now()),
(780, 'HUARO', 78, 1, now(), now()),
(781, 'LUCRE', 78, 1, now(), now()),
(782, 'MARCAPATA', 78, 1, now(), now()),
(783, 'OCONGATE', 78, 1, now(), now()),
(784, 'OROPESA', 78, 1, now(), now()),
(785, 'QUIQUIJANA', 78, 1, now(), now()),
(786, 'URUBAMBA', 79, 1, now(), now()),
(787, 'CHINCHERO', 79, 1, now(), now()),
(788, 'HUAYLLABAMBA', 79, 1, now(), now()),
(789, 'MACHUPICCHU', 79, 1, now(), now()),
(790, 'MARAS', 79, 1, now(), now()),
(791, 'OLLANTAYTAMBO', 79, 1, now(), now()),
(792, 'YUCAY', 79, 1, now(), now()),
(793, 'HUANCAVELICA', 80, 1, now(), now()),
(794, 'ACOBAMBILLA', 80, 1, now(), now()),
(795, 'ACORIA', 80, 1, now(), now()),
(796, 'CONAYCA', 80, 1, now(), now()),
(797, 'CUENCA', 80, 1, now(), now()),
(798, 'HUACHOCOLPA', 80, 1, now(), now()),
(799, 'HUAYLLAHUARA', 80, 1, now(), now()),
(800, 'IZCUCHACA', 80, 1, now(), now()),
(801, 'LARIA', 80, 1, now(), now()),
(802, 'MANTA', 80, 1, now(), now()),
(803, 'MARISCAL CACERES', 80, 1, now(), now()),
(804, 'MOYA', 80, 1, now(), now()),
(805, 'NUEVO OCCORO', 80, 1, now(), now()),
(806, 'PALCA', 80, 1, now(), now()),
(807, 'PILCHACA', 80, 1, now(), now()),
(808, 'VILCA', 80, 1, now(), now()),
(809, 'YAULI', 80, 1, now(), now()),
(810, 'ASCENSION', 80, 1, now(), now()),
(811, 'HUANDO', 80, 1, now(), now()),
(812, 'ACOBAMBA', 81, 1, now(), now()),
(813, 'ANDABAMBA', 81, 1, now(), now()),
(814, 'ANTA', 81, 1, now(), now()),
(815, 'CAJA', 81, 1, now(), now()),
(816, 'MARCAS', 81, 1, now(), now()),
(817, 'PAUCARA', 81, 1, now(), now()),
(818, 'POMACOCHA', 81, 1, now(), now()),
(819, 'ROSARIO', 81, 1, now(), now()),
(820, 'LIRCAY', 82, 1, now(), now()),
(821, 'ANCHONGA', 82, 1, now(), now()),
(822, 'CALLANMARCA', 82, 1, now(), now()),
(823, 'CCOCHACCASA', 82, 1, now(), now()),
(824, 'CHINCHO', 82, 1, now(), now()),
(825, 'CONGALLA', 82, 1, now(), now()),
(826, 'HUANCA-HUANCA', 82, 1, now(), now()),
(827, 'HUAYLLAY GRANDE', 82, 1, now(), now()),
(828, 'JULCAMARCA', 82, 1, now(), now()),
(829, 'SAN ANTONIO DE ANTAPARCO', 82, 1, now(), now()),
(830, 'SANTO TOMAS DE PATA', 82, 1, now(), now()),
(831, 'SECCLLA', 82, 1, now(), now()),
(832, 'CASTROVIRREYNA', 83, 1, now(), now()),
(833, 'ARMA', 83, 1, now(), now()),
(834, 'AURAHUA', 83, 1, now(), now()),
(835, 'CAPILLAS', 83, 1, now(), now()),
(836, 'CHUPAMARCA', 83, 1, now(), now()),
(837, 'COCAS', 83, 1, now(), now()),
(838, 'HUACHOS', 83, 1, now(), now()),
(839, 'HUAMATAMBO', 83, 1, now(), now()),
(840, 'MOLLEPAMPA', 83, 1, now(), now()),
(841, 'SAN JUAN', 83, 1, now(), now()),
(842, 'SANTA ANA', 83, 1, now(), now()),
(843, 'TANTARA', 83, 1, now(), now()),
(844, 'TICRAPO', 83, 1, now(), now()),
(845, 'CHURCAMPA', 84, 1, now(), now()),
(846, 'ANCO', 84, 1, now(), now()),
(847, 'CHINCHIHUASI', 84, 1, now(), now()),
(848, 'EL CARMEN', 84, 1, now(), now()),
(849, 'LA MERCED', 84, 1, now(), now()),
(850, 'LOCROJA', 84, 1, now(), now()),
(851, 'PAUCARBAMBA', 84, 1, now(), now()),
(852, 'SAN MIGUEL DE MAYOCC', 84, 1, now(), now()),
(853, 'SAN PEDRO DE CORIS', 84, 1, now(), now()),
(854, 'PACHAMARCA', 84, 1, now(), now()),
(855, 'HUAYTARA', 85, 1, now(), now()),
(856, 'AYAVI', 85, 1, now(), now()),
(857, 'CORDOVA', 85, 1, now(), now()),
(858, 'HUAYACUNDO ARMA', 85, 1, now(), now()),
(859, 'LARAMARCA', 85, 1, now(), now()),
(860, 'OCOYO', 85, 1, now(), now()),
(861, 'PILPICHACA', 85, 1, now(), now()),
(862, 'QUERCO', 85, 1, now(), now()),
(863, 'QUITO-ARMA', 85, 1, now(), now()),
(864, 'SAN ANTONIO DE CUSICANCHA', 85, 1, now(), now()),
(865, 'SAN FRANCISCO DE SANGAYAICO', 85, 1, now(), now()),
(866, 'SAN ISIDRO', 85, 1, now(), now()),
(867, 'SANTIAGO DE CHOCORVOS', 85, 1, now(), now()),
(868, 'SANTIAGO DE QUIRAHUARA', 85, 1, now(), now()),
(869, 'SANTO DOMINGO DE CAPILLAS', 85, 1, now(), now()),
(870, 'TAMBO', 85, 1, now(), now()),
(871, 'PAMPAS', 86, 1, now(), now()),
(872, 'ACOSTAMBO', 86, 1, now(), now()),
(873, 'ACRAQUIA', 86, 1, now(), now()),
(874, 'AHUAYCHA', 86, 1, now(), now()),
(875, 'COLCABAMBA', 86, 1, now(), now()),
(876, 'DANIEL HERNANDEZ', 86, 1, now(), now()),
(877, 'HUACHOCOLPA', 86, 1, now(), now()),
(878, 'HUARIBAMBA', 86, 1, now(), now()),
(879, '&Ntilde;AHUIMPUQUIO', 86, 1, now(), now()),
(880, 'PAZOS', 86, 1, now(), now()),
(881, 'QUISHUAR', 86, 1, now(), now()),
(882, 'SALCABAMBA', 86, 1, now(), now()),
(883, 'SALCAHUASI', 86, 1, now(), now()),
(884, 'SAN MARCOS DE ROCCHAC', 86, 1, now(), now()),
(885, 'SURCUBAMBA', 86, 1, now(), now()),
(886, 'TINTAY PUNCU', 86, 1, now(), now()),
(887, 'HUANUCO', 87, 1, now(), now()),
(888, 'AMARILIS', 87, 1, now(), now()),
(889, 'CHINCHAO', 87, 1, now(), now()),
(890, 'CHURUBAMBA', 87, 1, now(), now()),
(891, 'MARGOS', 87, 1, now(), now()),
(892, 'QUISQUI', 87, 1, now(), now()),
(893, 'SAN FRANCISCO DE CAYRAN', 87, 1, now(), now()),
(894, 'SAN PEDRO DE CHAULAN', 87, 1, now(), now()),
(895, 'SANTA MARIA DEL VALLE', 87, 1, now(), now()),
(896, 'YARUMAYO', 87, 1, now(), now()),
(897, 'PILLCO MARCA', 87, 1, now(), now()),
(898, 'AMBO', 88, 1, now(), now()),
(899, 'CAYNA', 88, 1, now(), now()),
(900, 'COLPAS', 88, 1, now(), now()),
(901, 'CONCHAMARCA', 88, 1, now(), now()),
(902, 'HUACAR', 88, 1, now(), now()),
(903, 'SAN FRANCISCO', 88, 1, now(), now()),
(904, 'SAN RAFAEL', 88, 1, now(), now()),
(905, 'TOMAY KICHWA', 88, 1, now(), now()),
(906, 'LA UNION', 89, 1, now(), now()),
(907, 'CHUQUIS', 89, 1, now(), now()),
(908, 'MARIAS', 89, 1, now(), now()),
(909, 'PACHAS', 89, 1, now(), now()),
(910, 'QUIVILLA', 89, 1, now(), now()),
(911, 'RIPAN', 89, 1, now(), now()),
(912, 'SHUNQUI', 89, 1, now(), now()),
(913, 'SILLAPATA', 89, 1, now(), now()),
(914, 'YANAS', 89, 1, now(), now()),
(915, 'HUACAYBAMBA', 90, 1, now(), now()),
(916, 'CANCHABAMBA', 90, 1, now(), now()),
(917, 'COCHABAMBA', 90, 1, now(), now()),
(918, 'PINRA', 90, 1, now(), now()),
(919, 'LLATA', 91, 1, now(), now()),
(920, 'ARANCAY', 91, 1, now(), now()),
(921, 'CHAVIN DE PARIARCA', 91, 1, now(), now()),
(922, 'JACAS GRANDE', 91, 1, now(), now()),
(923, 'JIRCAN', 91, 1, now(), now()),
(924, 'MIRAFLORES', 91, 1, now(), now()),
(925, 'MONZON', 91, 1, now(), now()),
(926, 'PUNCHAO', 91, 1, now(), now()),
(927, 'PU&Ntilde;OS', 91, 1, now(), now()),
(928, 'SINGA', 91, 1, now(), now()),
(929, 'TANTAMAYO', 91, 1, now(), now()),
(930, 'RUPA-RUPA', 92, 1, now(), now()),
(931, 'DANIEL ALOMIA ROBLES', 92, 1, now(), now()),
(932, 'HERMILIO VALDIZAN', 92, 1, now(), now()),
(933, 'JOSE CRESPO Y CASTILLO', 92, 1, now(), now()),
(934, 'LUYANDO', 92, 1, now(), now()),
(935, 'MARIANO DAMASO BERAUN', 92, 1, now(), now()),
(936, 'HUACRACHUCO', 93, 1, now(), now()),
(937, 'CHOLON', 93, 1, now(), now()),
(938, 'SAN BUENAVENTURA', 93, 1, now(), now()),
(939, 'PANAO', 94, 1, now(), now()),
(940, 'CHAGLLA', 94, 1, now(), now()),
(941, 'MOLINO', 94, 1, now(), now()),
(942, 'UMARI', 94, 1, now(), now()),
(943, 'PUERTO INCA', 95, 1, now(), now()),
(944, 'CODO DEL POZUZO', 95, 1, now(), now()),
(945, 'HONORIA', 95, 1, now(), now()),
(946, 'TOURNAVISTA', 95, 1, now(), now()),
(947, 'YUYAPICHIS', 95, 1, now(), now()),
(948, 'JESUS', 96, 1, now(), now()),
(949, 'BA&Ntilde;OS', 96, 1, now(), now()),
(950, 'JIVIA', 96, 1, now(), now()),
(951, 'QUEROPALCA', 96, 1, now(), now()),
(952, 'RONDOS', 96, 1, now(), now()),
(953, 'SAN FRANCISCO DE ASIS', 96, 1, now(), now()),
(954, 'SAN MIGUEL DE CAURI', 96, 1, now(), now()),
(955, 'CHAVINILLO', 97, 1, now(), now()),
(956, 'CAHUAC', 97, 1, now(), now()),
(957, 'CHACABAMBA', 97, 1, now(), now()),
(958, 'APARICIO POMARES', 97, 1, now(), now()),
(959, 'JACAS CHICO', 97, 1, now(), now()),
(960, 'OBAS', 97, 1, now(), now()),
(961, 'PAMPAMARCA', 97, 1, now(), now()),
(962, 'CHORAS', 97, 1, now(), now()),
(963, 'ICA', 98, 1, now(), now()),
(964, 'LA TINGUI&Ntilde;A', 98, 1, now(), now()),
(965, 'LOS AQUIJES', 98, 1, now(), now()),
(966, 'OCUCAJE', 98, 1, now(), now()),
(967, 'PACHACUTEC', 98, 1, now(), now()),
(968, 'PARCONA', 98, 1, now(), now()),
(969, 'PUEBLO NUEVO', 98, 1, now(), now()),
(970, 'SALAS', 98, 1, now(), now()),
(971, 'SAN JOSE DE LOS MOLINOS', 98, 1, now(), now()),
(972, 'SAN JUAN BAUTISTA', 98, 1, now(), now()),
(973, 'SANTIAGO', 98, 1, now(), now()),
(974, 'SUBTANJALLA', 98, 1, now(), now()),
(975, 'TATE', 98, 1, now(), now()),
(976, 'YAUCA DEL ROSARIO', 98, 1, now(), now()),
(977, 'CHINCHA ALTA', 99, 1, now(), now()),
(978, 'ALTO LARAN', 99, 1, now(), now()),
(979, 'CHAVIN', 99, 1, now(), now()),
(980, 'CHINCHA BAJA', 99, 1, now(), now()),
(981, 'EL CARMEN', 99, 1, now(), now()),
(982, 'GROCIO PRADO', 99, 1, now(), now()),
(983, 'PUEBLO NUEVO', 99, 1, now(), now()),
(984, 'SAN JUAN DE YANAC', 99, 1, now(), now()),
(985, 'SAN PEDRO DE HUACARPANA', 99, 1, now(), now()),
(986, 'SUNAMPE', 99, 1, now(), now()),
(987, 'TAMBO DE MORA', 99, 1, now(), now()),
(988, 'NAZCA', 100, 1, now(), now()),
(989, 'CHANGUILLO', 100, 1, now(), now()),
(990, 'EL INGENIO', 100, 1, now(), now()),
(991, 'MARCONA', 100, 1, now(), now()),
(992, 'VISTA ALEGRE', 100, 1, now(), now()),
(993, 'PALPA', 101, 1, now(), now()),
(994, 'LLIPATA', 101, 1, now(), now()),
(995, 'RIO GRANDE', 101, 1, now(), now()),
(996, 'SANTA CRUZ', 101, 1, now(), now()),
(997, 'TIBILLO', 101, 1, now(), now()),
(998, 'PISCO', 102, 1, now(), now()),
(999, 'HUANCANO', 102, 1, now(), now()),
(1000, 'HUMAY', 102, 1, now(), now()),
(1001, 'INDEPENDENCIA', 102, 1, now(), now()),
(1002, 'PARACAS', 102, 1, now(), now()),
(1003, 'SAN ANDRES', 102, 1, now(), now()),
(1004, 'SAN CLEMENTE', 102, 1, now(), now()),
(1005, 'TUPAC AMARU INCA', 102, 1, now(), now()),
(1006, 'HUANCAYO', 103, 1, now(), now()),
(1007, 'CARHUACALLANGA', 103, 1, now(), now()),
(1008, 'CHACAPAMPA', 103, 1, now(), now()),
(1009, 'CHICCHE', 103, 1, now(), now()),
(1010, 'CHILCA', 103, 1, now(), now()),
(1011, 'CHONGOS ALTO', 103, 1, now(), now()),
(1012, 'CHUPURO', 103, 1, now(), now()),
(1013, 'COLCA', 103, 1, now(), now()),
(1014, 'CULLHUAS', 103, 1, now(), now()),
(1015, 'EL TAMBO', 103, 1, now(), now()),
(1016, 'HUACRAPUQUIO', 103, 1, now(), now()),
(1017, 'HUALHUAS', 103, 1, now(), now()),
(1018, 'HUANCAN', 103, 1, now(), now()),
(1019, 'HUASICANCHA', 103, 1, now(), now()),
(1020, 'HUAYUCACHI', 103, 1, now(), now()),
(1021, 'INGENIO', 103, 1, now(), now()),
(1022, 'PARIAHUANCA', 103, 1, now(), now()),
(1023, 'PILCOMAYO', 103, 1, now(), now()),
(1024, 'PUCARA', 103, 1, now(), now()),
(1025, 'QUICHUAY', 103, 1, now(), now()),
(1026, 'QUILCAS', 103, 1, now(), now()),
(1027, 'SAN AGUSTIN', 103, 1, now(), now()),
(1028, 'SAN JERONIMO DE TUNAN', 103, 1, now(), now()),
(1029, 'SA&Ntilde;O', 103, 1, now(), now()),
(1030, 'SAPALLANGA', 103, 1, now(), now()),
(1031, 'SICAYA', 103, 1, now(), now()),
(1032, 'SANTO DOMINGO DE ACOBAMBA', 103, 1, now(), now()),
(1033, 'VIQUES', 103, 1, now(), now()),
(1034, 'CONCEPCION', 104, 1, now(), now()),
(1035, 'ACO', 104, 1, now(), now()),
(1036, 'ANDAMARCA', 104, 1, now(), now()),
(1037, 'CHAMBARA', 104, 1, now(), now()),
(1038, 'COCHAS', 104, 1, now(), now()),
(1039, 'COMAS', 104, 1, now(), now()),
(1040, 'HEROINAS TOLEDO', 104, 1, now(), now()),
(1041, 'MANZANARES', 104, 1, now(), now()),
(1042, 'MARISCAL CASTILLA', 104, 1, now(), now()),
(1043, 'MATAHUASI', 104, 1, now(), now()),
(1044, 'MITO', 104, 1, now(), now()),
(1045, 'NUEVE DE JULIO', 104, 1, now(), now()),
(1046, 'ORCOTUNA', 104, 1, now(), now()),
(1047, 'SAN JOSE DE QUERO', 104, 1, now(), now()),
(1048, 'SANTA ROSA DE OCOPA', 104, 1, now(), now()),
(1049, 'CHANCHAMAYO', 105, 1, now(), now()),
(1050, 'PERENE', 105, 1, now(), now()),
(1051, 'PICHANAQUI', 105, 1, now(), now()),
(1052, 'SAN LUIS DE SHUARO', 105, 1, now(), now()),
(1053, 'SAN RAMON', 105, 1, now(), now()),
(1054, 'VITOC', 105, 1, now(), now()),
(1055, 'JAUJA', 106, 1, now(), now()),
(1056, 'ACOLLA', 106, 1, now(), now()),
(1057, 'APATA', 106, 1, now(), now()),
(1058, 'ATAURA', 106, 1, now(), now()),
(1059, 'CANCHAYLLO', 106, 1, now(), now()),
(1060, 'CURICACA', 106, 1, now(), now()),
(1061, 'EL MANTARO', 106, 1, now(), now()),
(1062, 'HUAMALI', 106, 1, now(), now()),
(1063, 'HUARIPAMPA', 106, 1, now(), now()),
(1064, 'HUERTAS', 106, 1, now(), now()),
(1065, 'JANJAILLO', 106, 1, now(), now()),
(1066, 'JULCAN', 106, 1, now(), now()),
(1067, 'LEONOR ORDO&Ntilde;EZ', 106, 1, now(), now()),
(1068, 'LLOCLLAPAMPA', 106, 1, now(), now()),
(1069, 'MARCO', 106, 1, now(), now()),
(1070, 'MASMA', 106, 1, now(), now()),
(1071, 'MASMA CHICCHE', 106, 1, now(), now()),
(1072, 'MOLINOS', 106, 1, now(), now()),
(1073, 'MONOBAMBA', 106, 1, now(), now()),
(1074, 'MUQUI', 106, 1, now(), now()),
(1075, 'MUQUIYAUYO', 106, 1, now(), now()),
(1076, 'PACA', 106, 1, now(), now()),
(1077, 'PACCHA', 106, 1, now(), now()),
(1078, 'PANCAN', 106, 1, now(), now()),
(1079, 'PARCO', 106, 1, now(), now()),
(1080, 'POMACANCHA', 106, 1, now(), now()),
(1081, 'RICRAN', 106, 1, now(), now()),
(1082, 'SAN LORENZO', 106, 1, now(), now()),
(1083, 'SAN PEDRO DE CHUNAN', 106, 1, now(), now()),
(1084, 'SAUSA', 106, 1, now(), now()),
(1085, 'SINCOS', 106, 1, now(), now()),
(1086, 'TUNAN MARCA', 106, 1, now(), now()),
(1087, 'YAULI', 106, 1, now(), now()),
(1088, 'YAUYOS', 106, 1, now(), now()),
(1089, 'JUNIN', 107, 1, now(), now()),
(1090, 'CARHUAMAYO', 107, 1, now(), now()),
(1091, 'ONDORES', 107, 1, now(), now()),
(1092, 'ULCUMAYO', 107, 1, now(), now()),
(1093, 'SATIPO', 108, 1, now(), now()),
(1094, 'COVIRIALI', 108, 1, now(), now()),
(1095, 'LLAYLLA', 108, 1, now(), now()),
(1096, 'MAZAMARI', 108, 1, now(), now()),
(1097, 'PAMPA HERMOSA', 108, 1, now(), now()),
(1098, 'PANGOA', 108, 1, now(), now()),
(1099, 'RIO NEGRO', 108, 1, now(), now()),
(1100, 'RIO TAMBO', 108, 1, now(), now()),
(1101, 'TARMA', 109, 1, now(), now()),
(1102, 'ACOBAMBA', 109, 1, now(), now()),
(1103, 'HUARICOLCA', 109, 1, now(), now()),
(1104, 'HUASAHUASI', 109, 1, now(), now()),
(1105, 'LA UNION', 109, 1, now(), now()),
(1106, 'PALCA', 109, 1, now(), now()),
(1107, 'PALCAMAYO', 109, 1, now(), now()),
(1108, 'SAN PEDRO DE CAJAS', 109, 1, now(), now()),
(1109, 'TAPO', 109, 1, now(), now()),
(1110, 'LA OROYA', 110, 1, now(), now()),
(1111, 'CHACAPALPA', 110, 1, now(), now()),
(1112, 'HUAY-HUAY', 110, 1, now(), now()),
(1113, 'MARCAPOMACOCHA', 110, 1, now(), now()),
(1114, 'MOROCOCHA', 110, 1, now(), now()),
(1115, 'PACCHA', 110, 1, now(), now()),
(1116, 'SANTA BARBARA DE CARHUACAYAN', 110, 1, now(), now()),
(1117, 'SANTA ROSA DE SACCO', 110, 1, now(), now()),
(1118, 'SUITUCANCHA', 110, 1, now(), now()),
(1119, 'YAULI', 110, 1, now(), now()),
(1120, 'CHUPACA', 111, 1, now(), now()),
(1121, 'AHUAC', 111, 1, now(), now()),
(1122, 'CHONGOS BAJO', 111, 1, now(), now()),
(1123, 'HUACHAC', 111, 1, now(), now()),
(1124, 'HUAMANCACA CHICO', 111, 1, now(), now()),
(1125, 'SAN JUAN DE ISCOS', 111, 1, now(), now()),
(1126, 'SAN JUAN DE JARPA', 111, 1, now(), now()),
(1127, 'TRES DE DICIEMBRE', 111, 1, now(), now()),
(1128, 'YANACANCHA', 111, 1, now(), now()),
(1129, 'TRUJILLO', 112, 1, now(), now()),
(1130, 'EL PORVENIR', 112, 1, now(), now()),
(1131, 'FLORENCIA DE MORA', 112, 1, now(), now()),
(1132, 'HUANCHACO', 112, 1, now(), now()),
(1133, 'LA ESPERANZA', 112, 1, now(), now()),
(1134, 'LAREDO', 112, 1, now(), now()),
(1135, 'MOCHE', 112, 1, now(), now()),
(1136, 'POROTO', 112, 1, now(), now()),
(1137, 'SALAVERRY', 112, 1, now(), now()),
(1138, 'SIMBAL', 112, 1, now(), now()),
(1139, 'VICTOR LARCO HERRERA', 112, 1, now(), now()),
(1140, 'ASCOPE', 113, 1, now(), now()),
(1141, 'CHICAMA', 113, 1, now(), now()),
(1142, 'CHOCOPE', 113, 1, now(), now()),
(1143, 'MAGDALENA DE CAO', 113, 1, now(), now()),
(1144, 'PAIJAN', 113, 1, now(), now()),
(1145, 'RAZURI', 113, 1, now(), now()),
(1146, 'SANTIAGO DE CAO', 113, 1, now(), now()),
(1147, 'CASA GRANDE', 113, 1, now(), now()),
(1148, 'BOLIVAR', 114, 1, now(), now()),
(1149, 'BAMBAMARCA', 114, 1, now(), now()),
(1150, 'CONDORMARCA', 114, 1, now(), now()),
(1151, 'LONGOTEA', 114, 1, now(), now()),
(1152, 'UCHUMARCA', 114, 1, now(), now()),
(1153, 'UCUNCHA', 114, 1, now(), now()),
(1154, 'CHEPEN', 115, 1, now(), now()),
(1155, 'PACANGA', 115, 1, now(), now()),
(1156, 'PUEBLO NUEVO', 115, 1, now(), now()),
(1157, 'JULCAN', 116, 1, now(), now()),
(1158, 'CALAMARCA', 116, 1, now(), now()),
(1159, 'CARABAMBA', 116, 1, now(), now()),
(1160, 'HUASO', 116, 1, now(), now()),
(1161, 'OTUZCO', 117, 1, now(), now()),
(1162, 'AGALLPAMPA', 117, 1, now(), now()),
(1163, 'CHARAT', 117, 1, now(), now()),
(1164, 'HUARANCHAL', 117, 1, now(), now()),
(1165, 'LA CUESTA', 117, 1, now(), now()),
(1166, 'MACHE', 117, 1, now(), now()),
(1167, 'PARANDAY', 117, 1, now(), now()),
(1168, 'SALPO', 117, 1, now(), now()),
(1169, 'SINSICAP', 117, 1, now(), now()),
(1170, 'USQUIL', 117, 1, now(), now()),
(1171, 'SAN PEDRO DE LLOC', 118, 1, now(), now()),
(1172, 'GUADALUPE', 118, 1, now(), now()),
(1173, 'JEQUETEPEQUE', 118, 1, now(), now()),
(1174, 'PACASMAYO', 118, 1, now(), now()),
(1175, 'SAN JOSE', 118, 1, now(), now()),
(1176, 'TAYABAMBA', 119, 1, now(), now()),
(1177, 'BULDIBUYO', 119, 1, now(), now()),
(1178, 'CHILLIA', 119, 1, now(), now()),
(1179, 'HUANCASPATA', 119, 1, now(), now()),
(1180, 'HUAYLILLAS', 119, 1, now(), now()),
(1181, 'HUAYO', 119, 1, now(), now()),
(1182, 'ONGON', 119, 1, now(), now()),
(1183, 'PARCOY', 119, 1, now(), now()),
(1184, 'PATAZ', 119, 1, now(), now()),
(1185, 'PIAS', 119, 1, now(), now()),
(1186, 'SANTIAGO DE CHALLAS', 119, 1, now(), now()),
(1187, 'TAURIJA', 119, 1, now(), now()),
(1188, 'URPAY', 119, 1, now(), now()),
(1189, 'HUAMACHUCO', 120, 1, now(), now()),
(1190, 'CHUGAY', 120, 1, now(), now()),
(1191, 'COCHORCO', 120, 1, now(), now()),
(1192, 'CURGOS', 120, 1, now(), now()),
(1193, 'MARCABAL', 120, 1, now(), now()),
(1194, 'SANAGORAN', 120, 1, now(), now()),
(1195, 'SARIN', 120, 1, now(), now()),
(1196, 'SARTIMBAMBA', 120, 1, now(), now()),
(1197, 'SANTIAGO DE CHUCO', 121, 1, now(), now()),
(1198, 'ANGASMARCA', 121, 1, now(), now()),
(1199, 'CACHICADAN', 121, 1, now(), now()),
(1200, 'MOLLEBAMBA', 121, 1, now(), now()),
(1201, 'MOLLEPATA', 121, 1, now(), now()),
(1202, 'QUIRUVILCA', 121, 1, now(), now()),
(1203, 'SANTA CRUZ DE CHUCA', 121, 1, now(), now()),
(1204, 'SITABAMBA', 121, 1, now(), now()),
(1205, 'GRAN CHIMU', 122, 1, now(), now()),
(1206, 'CASCAS', 122, 1, now(), now()),
(1207, 'LUCMA', 122, 1, now(), now()),
(1208, 'MARMOT', 122, 1, now(), now()),
(1209, 'SAYAPULLO', 122, 1, now(), now()),
(1210, 'VIRU', 123, 1, now(), now()),
(1211, 'CHAO', 123, 1, now(), now()),
(1212, 'GUADALUPITO', 123, 1, now(), now()),
(1213, 'CHICLAYO', 124, 1, now(), now()),
(1214, 'CHONGOYAPE', 124, 1, now(), now()),
(1215, 'ETEN', 124, 1, now(), now()),
(1216, 'ETEN PUERTO', 124, 1, now(), now()),
(1217, 'JOSE LEONARDO ORTIZ', 124, 1, now(), now()),
(1218, 'LA VICTORIA', 124, 1, now(), now()),
(1219, 'LAGUNAS', 124, 1, now(), now()),
(1220, 'MONSEFU', 124, 1, now(), now()),
(1221, 'NUEVA ARICA', 124, 1, now(), now()),
(1222, 'OYOTUN', 124, 1, now(), now()),
(1223, 'PICSI', 124, 1, now(), now()),
(1224, 'PIMENTEL', 124, 1, now(), now()),
(1225, 'REQUE', 124, 1, now(), now()),
(1226, 'SANTA ROSA', 124, 1, now(), now()),
(1227, 'SA&Ntilde;A', 124, 1, now(), now()),
(1228, 'CAYALTI', 124, 1, now(), now()),
(1229, 'PATAPO', 124, 1, now(), now()),
(1230, 'POMALCA', 124, 1, now(), now()),
(1231, 'PUCALA', 124, 1, now(), now()),
(1232, 'TUMAN', 124, 1, now(), now()),
(1233, 'FERRE&Ntilde;AFE', 125, 1, now(), now()),
(1234, 'CA&Ntilde;ARIS', 125, 1, now(), now()),
(1235, 'INCAHUASI', 125, 1, now(), now()),
(1236, 'MANUEL ANTONIO MESONES MURO', 125, 1, now(), now()),
(1237, 'PITIPO', 125, 1, now(), now()),
(1238, 'PUEBLO NUEVO', 125, 1, now(), now()),
(1239, 'LAMBAYEQUE', 126, 1, now(), now()),
(1240, 'CHOCHOPE', 126, 1, now(), now()),
(1241, 'ILLIMO', 126, 1, now(), now()),
(1242, 'JAYANCA', 126, 1, now(), now()),
(1243, 'MOCHUMI', 126, 1, now(), now()),
(1244, 'MORROPE', 126, 1, now(), now()),
(1245, 'MOTUPE', 126, 1, now(), now()),
(1246, 'OLMOS', 126, 1, now(), now()),
(1247, 'PACORA', 126, 1, now(), now()),
(1248, 'SALAS', 126, 1, now(), now()),
(1249, 'SAN JOSE', 126, 1, now(), now()),
(1250, 'TUCUME', 126, 1, now(), now()),
(1251, 'LIMA', 127, 1, now(), now()),
(1252, 'ANCON', 127, 1, now(), now()),
(1253, 'ATE', 127, 1, now(), now()),
(1254, 'BARRANCO', 127, 1, now(), now()),
(1255, 'BRE&Ntilde;A', 127, 1, now(), now()),
(1256, 'CARABAYLLO', 127, 1, now(), now()),
(1257, 'CHACLACAYO', 127, 1, now(), now()),
(1258, 'CHORRILLOS', 127, 1, now(), now()),
(1259, 'CIENEGUILLA', 127, 1, now(), now()),
(1260, 'COMAS', 127, 1, now(), now()),
(1261, 'EL AGUSTINO', 127, 1, now(), now()),
(1262, 'INDEPENDENCIA', 127, 1, now(), now()),
(1263, 'JESUS MARIA', 127, 1, now(), now()),
(1264, 'LA MOLINA', 127, 1, now(), now()),
(1265, 'LA VICTORIA', 127, 1, now(), now()),
(1266, 'LINCE', 127, 1, now(), now()),
(1267, 'LOS OLIVOS', 127, 1, now(), now()),
(1268, 'LURIGANCHO', 127, 1, now(), now()),
(1269, 'LURIN', 127, 1, now(), now()),
(1270, 'MAGDALENA DEL MAR', 127, 1, now(), now()),
(1271, 'MAGDALENA VIEJA', 127, 1, now(), now()),
(1272, 'MIRAFLORES', 127, 1, now(), now()),
(1273, 'PACHACAMAC', 127, 1, now(), now()),
(1274, 'PUCUSANA', 127, 1, now(), now()),
(1275, 'PUENTE PIEDRA', 127, 1, now(), now()),
(1276, 'PUNTA HERMOSA', 127, 1, now(), now()),
(1277, 'PUNTA NEGRA', 127, 1, now(), now()),
(1278, 'RIMAC', 127, 1, now(), now()),
(1279, 'SAN BARTOLO', 127, 1, now(), now()),
(1280, 'SAN BORJA', 127, 1, now(), now()),
(1281, 'SAN ISIDRO', 127, 1, now(), now()),
(1282, 'SAN JUAN DE LURIGANCHO', 127, 1, now(), now()),
(1283, 'SAN JUAN DE MIRAFLORES', 127, 1, now(), now()),
(1284, 'SAN LUIS', 127, 1, now(), now()),
(1285, 'SAN MARTIN DE PORRES', 127, 1, now(), now()),
(1286, 'SAN MIGUEL', 127, 1, now(), now()),
(1287, 'SANTA ANITA', 127, 1, now(), now()),
(1288, 'SANTA MARIA DEL MAR', 127, 1, now(), now()),
(1289, 'SANTA ROSA', 127, 1, now(), now()),
(1290, 'SANTIAGO DE SURCO', 127, 1, now(), now()),
(1291, 'SURQUILLO', 127, 1, now(), now()),
(1292, 'VILLA EL SALVADOR', 127, 1, now(), now()),
(1293, 'VILLA MARIA DEL TRIUNFO', 127, 1, now(), now()),
(1294, 'BARRANCA', 128, 1, now(), now()),
(1295, 'PARAMONGA', 128, 1, now(), now()),
(1296, 'PATIVILCA', 128, 1, now(), now()),
(1297, 'SUPE', 128, 1, now(), now()),
(1298, 'SUPE PUERTO', 128, 1, now(), now()),
(1299, 'CAJATAMBO', 129, 1, now(), now()),
(1300, 'COPA', 129, 1, now(), now()),
(1301, 'GORGOR', 129, 1, now(), now()),
(1302, 'HUANCAPON', 129, 1, now(), now()),
(1303, 'MANAS', 129, 1, now(), now()),
(1304, 'CANTA', 130, 1, now(), now()),
(1305, 'ARAHUAY', 130, 1, now(), now()),
(1306, 'HUAMANTANGA', 130, 1, now(), now()),
(1307, 'HUAROS', 130, 1, now(), now()),
(1308, 'LACHAQUI', 130, 1, now(), now()),
(1309, 'SAN BUENAVENTURA', 130, 1, now(), now()),
(1310, 'SANTA ROSA DE QUIVES', 130, 1, now(), now()),
(1311, 'SAN VICENTE DE CA&Ntilde;ETE', 131, 1, now(), now()),
(1312, 'ASIA', 131, 1, now(), now()),
(1313, 'CALANGO', 131, 1, now(), now()),
(1314, 'CERRO AZUL', 131, 1, now(), now()),
(1315, 'CHILCA', 131, 1, now(), now()),
(1316, 'COAYLLO', 131, 1, now(), now()),
(1317, 'IMPERIAL', 131, 1, now(), now()),
(1318, 'LUNAHUANA', 131, 1, now(), now()),
(1319, 'MALA', 131, 1, now(), now()),
(1320, 'NUEVO IMPERIAL', 131, 1, now(), now()),
(1321, 'PACARAN', 131, 1, now(), now()),
(1322, 'QUILMANA', 131, 1, now(), now()),
(1323, 'SAN ANTONIO', 131, 1, now(), now()),
(1324, 'SAN LUIS', 131, 1, now(), now()),
(1325, 'SANTA CRUZ DE FLORES', 131, 1, now(), now()),
(1326, 'ZU&Ntilde;IGA', 131, 1, now(), now()),
(1327, 'HUARAL', 132, 1, now(), now()),
(1328, 'ATAVILLOS ALTO', 132, 1, now(), now()),
(1329, 'ATAVILLOS BAJO', 132, 1, now(), now()),
(1330, 'AUCALLAMA', 132, 1, now(), now()),
(1331, 'CHANCAY', 132, 1, now(), now()),
(1332, 'IHUARI', 132, 1, now(), now()),
(1333, 'LAMPIAN', 132, 1, now(), now()),
(1334, 'PACARAOS', 132, 1, now(), now()),
(1335, 'SAN MIGUEL DE ACOS', 132, 1, now(), now()),
(1336, 'SANTA CRUZ DE ANDAMARCA', 132, 1, now(), now()),
(1337, 'SUMBILCA', 132, 1, now(), now()),
(1338, 'VEINTISIETE DE NOVIEMBRE', 132, 1, now(), now()),
(1339, 'MATUCANA', 133, 1, now(), now()),
(1340, 'ANTIOQUIA', 133, 1, now(), now()),
(1341, 'CALLAHUANCA', 133, 1, now(), now()),
(1342, 'CARAMPOMA', 133, 1, now(), now()),
(1343, 'CHICLA', 133, 1, now(), now()),
(1344, 'CUENCA', 133, 1, now(), now()),
(1345, 'HUACHUPAMPA', 133, 1, now(), now()),
(1346, 'HUANZA', 133, 1, now(), now()),
(1347, 'HUAROCHIRI', 133, 1, now(), now()),
(1348, 'LAHUAYTAMBO', 133, 1, now(), now()),
(1349, 'LANGA', 133, 1, now(), now()),
(1350, 'LARAOS', 133, 1, now(), now()),
(1351, 'MARIATANA', 133, 1, now(), now()),
(1352, 'RICARDO PALMA', 133, 1, now(), now()),
(1353, 'SAN ANDRES DE TUPICOCHA', 133, 1, now(), now()),
(1354, 'SAN ANTONIO', 133, 1, now(), now()),
(1355, 'SAN BARTOLOME', 133, 1, now(), now()),
(1356, 'SAN DAMIAN', 133, 1, now(), now()),
(1357, 'SAN JUAN DE IRIS', 133, 1, now(), now()),
(1358, 'SAN JUAN DE TANTARANCHE', 133, 1, now(), now()),
(1359, 'SAN LORENZO DE QUINTI', 133, 1, now(), now()),
(1360, 'SAN MATEO', 133, 1, now(), now()),
(1361, 'SAN MATEO DE OTAO', 133, 1, now(), now()),
(1362, 'SAN PEDRO DE CASTA', 133, 1, now(), now()),
(1363, 'SAN PEDRO DE HUANCAYRE', 133, 1, now(), now()),
(1364, 'SANGALLAYA', 133, 1, now(), now()),
(1365, 'SANTA CRUZ DE COCACHACRA', 133, 1, now(), now()),
(1366, 'SANTA EULALIA', 133, 1, now(), now()),
(1367, 'SANTIAGO DE ANCHUCAYA', 133, 1, now(), now()),
(1368, 'SANTIAGO DE TUNA', 133, 1, now(), now()),
(1369, 'SANTO DOMINGO DE LOS OLLEROS', 133, 1, now(), now()),
(1370, 'SURCO', 133, 1, now(), now()),
(1371, 'HUACHO', 134, 1, now(), now()),
(1372, 'AMBAR', 134, 1, now(), now()),
(1373, 'CALETA DE CARQUIN', 134, 1, now(), now()),
(1374, 'CHECRAS', 134, 1, now(), now()),
(1375, 'HUALMAY', 134, 1, now(), now()),
(1376, 'HUAURA', 134, 1, now(), now()),
(1377, 'LEONCIO PRADO', 134, 1, now(), now()),
(1378, 'PACCHO', 134, 1, now(), now()),
(1379, 'SANTA LEONOR', 134, 1, now(), now()),
(1380, 'SANTA MARIA', 134, 1, now(), now()),
(1381, 'SAYAN', 134, 1, now(), now()),
(1382, 'VEGUETA', 134, 1, now(), now()),
(1383, 'OYON', 135, 1, now(), now()),
(1384, 'ANDAJES', 135, 1, now(), now()),
(1385, 'CAUJUL', 135, 1, now(), now()),
(1386, 'COCHAMARCA', 135, 1, now(), now()),
(1387, 'NAVAN', 135, 1, now(), now()),
(1388, 'PACHANGARA', 135, 1, now(), now()),
(1389, 'YAUYOS', 136, 1, now(), now()),
(1390, 'ALIS', 136, 1, now(), now()),
(1391, 'AYAUCA', 136, 1, now(), now()),
(1392, 'AYAVIRI', 136, 1, now(), now()),
(1393, 'AZANGARO', 136, 1, now(), now()),
(1394, 'CACRA', 136, 1, now(), now()),
(1395, 'CARANIA', 136, 1, now(), now()),
(1396, 'CATAHUASI', 136, 1, now(), now()),
(1397, 'CHOCOS', 136, 1, now(), now()),
(1398, 'COCHAS', 136, 1, now(), now()),
(1399, 'COLONIA', 136, 1, now(), now()),
(1400, 'HONGOS', 136, 1, now(), now()),
(1401, 'HUAMPARA', 136, 1, now(), now()),
(1402, 'HUANCAYA', 136, 1, now(), now()),
(1403, 'HUANGASCAR', 136, 1, now(), now()),
(1404, 'HUANTAN', 136, 1, now(), now()),
(1405, 'HUA&Ntilde;EC', 136, 1, now(), now()),
(1406, 'LARAOS', 136, 1, now(), now()),
(1407, 'LINCHA', 136, 1, now(), now()),
(1408, 'MADEAN', 136, 1, now(), now()),
(1409, 'MIRAFLORES', 136, 1, now(), now()),
(1410, 'OMAS', 136, 1, now(), now()),
(1411, 'PUTINZA', 136, 1, now(), now()),
(1412, 'QUINCHES', 136, 1, now(), now()),
(1413, 'QUINOCAY', 136, 1, now(), now()),
(1414, 'SAN JOAQUIN', 136, 1, now(), now()),
(1415, 'SAN PEDRO DE PILAS', 136, 1, now(), now()),
(1416, 'TANTA', 136, 1, now(), now()),
(1417, 'TAURIPAMPA', 136, 1, now(), now()),
(1418, 'TOMAS', 136, 1, now(), now()),
(1419, 'TUPE', 136, 1, now(), now()),
(1420, 'VI&Ntilde;AC', 136, 1, now(), now()),
(1421, 'VITIS', 136, 1, now(), now()),
(1422, 'IQUITOS', 137, 1, now(), now()),
(1423, 'ALTO NANAY', 137, 1, now(), now()),
(1424, 'FERNANDO LORES', 137, 1, now(), now()),
(1425, 'INDIANA', 137, 1, now(), now()),
(1426, 'LAS AMAZONAS', 137, 1, now(), now()),
(1427, 'MAZAN', 137, 1, now(), now()),
(1428, 'NAPO', 137, 1, now(), now()),
(1429, 'PUNCHANA', 137, 1, now(), now()),
(1430, 'PUTUMAYO', 137, 1, now(), now()),
(1431, 'TORRES CAUSANA', 137, 1, now(), now()),
(1432, 'BELEN', 137, 1, now(), now()),
(1433, 'SAN JUAN BAUTISTA', 137, 1, now(), now()),
(1434, 'YURIMAGUAS', 138, 1, now(), now()),
(1435, 'BALSAPUERTO', 138, 1, now(), now()),
(1436, 'BARRANCA', 138, 1, now(), now()),
(1437, 'CAHUAPANAS', 138, 1, now(), now()),
(1438, 'JEBEROS', 138, 1, now(), now()),
(1439, 'LAGUNAS', 138, 1, now(), now()),
(1440, 'MANSERICHE', 138, 1, now(), now()),
(1441, 'MORONA', 138, 1, now(), now()),
(1442, 'PASTAZA', 138, 1, now(), now()),
(1443, 'SANTA CRUZ', 138, 1, now(), now()),
(1444, 'TENIENTE CESAR LOPEZ ROJAS', 138, 1, now(), now()),
(1445, 'NAUTA', 139, 1, now(), now()),
(1446, 'PARINARI', 139, 1, now(), now()),
(1447, 'TIGRE', 139, 1, now(), now()),
(1448, 'TROMPETEROS', 139, 1, now(), now()),
(1449, 'URARINAS', 139, 1, now(), now()),
(1450, 'RAMON CASTILLA', 140, 1, now(), now()),
(1451, 'PEBAS', 140, 1, now(), now()),
(1452, 'YAVARI', 140, 1, now(), now()),
(1453, 'SAN PABLO', 140, 1, now(), now()),
(1454, 'REQUENA', 141, 1, now(), now()),
(1455, 'ALTO TAPICHE', 141, 1, now(), now()),
(1456, 'CAPELO', 141, 1, now(), now()),
(1457, 'EMILIO SAN MARTIN', 141, 1, now(), now()),
(1458, 'MAQUIA', 141, 1, now(), now()),
(1459, 'PUINAHUA', 141, 1, now(), now()),
(1460, 'SAQUENA', 141, 1, now(), now()),
(1461, 'SOPLIN', 141, 1, now(), now()),
(1462, 'TAPICHE', 141, 1, now(), now()),
(1463, 'JENARO HERRERA', 141, 1, now(), now()),
(1464, 'YAQUERANA', 141, 1, now(), now()),
(1465, 'CONTAMANA', 142, 1, now(), now()),
(1466, 'INAHUAYA', 142, 1, now(), now()),
(1467, 'PADRE MARQUEZ', 142, 1, now(), now()),
(1468, 'PAMPA HERMOSA', 142, 1, now(), now()),
(1469, 'SARAYACU', 142, 1, now(), now()),
(1470, 'VARGAS GUERRA', 142, 1, now(), now()),
(1471, 'TAMBOPATA', 143, 1, now(), now()),
(1472, 'INAMBARI', 143, 1, now(), now()),
(1473, 'LAS PIEDRAS', 143, 1, now(), now()),
(1474, 'LABERINTO', 143, 1, now(), now()),
(1475, 'MANU', 144, 1, now(), now()),
(1476, 'FITZCARRALD', 144, 1, now(), now()),
(1477, 'MADRE DE DIOS', 144, 1, now(), now()),
(1478, 'HUEPETUHE', 144, 1, now(), now()),
(1479, 'I&Ntilde;APARI', 145, 1, now(), now()),
(1480, 'IBERIA', 145, 1, now(), now()),
(1481, 'TAHUAMANU', 145, 1, now(), now()),
(1482, 'MOQUEGUA', 146, 1, now(), now()),
(1483, 'CARUMAS', 146, 1, now(), now()),
(1484, 'CUCHUMBAYA', 146, 1, now(), now()),
(1485, 'SAMEGUA', 146, 1, now(), now()),
(1486, 'SAN CRISTOBAL', 146, 1, now(), now()),
(1487, 'TORATA', 146, 1, now(), now()),
(1488, 'OMATE', 147, 1, now(), now()),
(1489, 'CHOJATA', 147, 1, now(), now()),
(1490, 'COALAQUE', 147, 1, now(), now()),
(1491, 'ICHU&Ntilde;A', 147, 1, now(), now()),
(1492, 'LA CAPILLA', 147, 1, now(), now()),
(1493, 'LLOQUE', 147, 1, now(), now()),
(1494, 'MATALAQUE', 147, 1, now(), now()),
(1495, 'PUQUINA', 147, 1, now(), now()),
(1496, 'QUINISTAQUILLAS', 147, 1, now(), now()),
(1497, 'UBINAS', 147, 1, now(), now()),
(1498, 'YUNGA', 147, 1, now(), now()),
(1499, 'ILO', 148, 1, now(), now()),
(1500, 'EL ALGARROBAL', 148, 1, now(), now()),
(1501, 'PACOCHA', 148, 1, now(), now()),
(1502, 'CHAUPIMARCA', 149, 1, now(), now()),
(1503, 'HUACHON', 149, 1, now(), now()),
(1504, 'HUARIACA', 149, 1, now(), now()),
(1505, 'HUAYLLAY', 149, 1, now(), now()),
(1506, 'NINACACA', 149, 1, now(), now()),
(1507, 'PALLANCHACRA', 149, 1, now(), now()),
(1508, 'PAUCARTAMBO', 149, 1, now(), now()),
(1509, 'SAN FCO.DE ASIS DE YARUSYACAN', 149, 1, now(), now()),
(1510, 'SIMON BOLIVAR', 149, 1, now(), now()),
(1511, 'TICLACAYAN', 149, 1, now(), now()),
(1512, 'TINYAHUARCO', 149, 1, now(), now()),
(1513, 'VICCO', 149, 1, now(), now()),
(1514, 'YANACANCHA', 149, 1, now(), now()),
(1515, 'YANAHUANCA', 150, 1, now(), now()),
(1516, 'CHACAYAN', 150, 1, now(), now()),
(1517, 'GOYLLARISQUIZGA', 150, 1, now(), now()),
(1518, 'PAUCAR', 150, 1, now(), now()),
(1519, 'SAN PEDRO DE PILLAO', 150, 1, now(), now()),
(1520, 'SANTA ANA DE TUSI', 150, 1, now(), now()),
(1521, 'TAPUC', 150, 1, now(), now()),
(1522, 'VILCABAMBA', 150, 1, now(), now()),
(1523, 'OXAPAMPA', 151, 1, now(), now()),
(1524, 'CHONTABAMBA', 151, 1, now(), now()),
(1525, 'HUANCABAMBA', 151, 1, now(), now()),
(1526, 'PALCAZU', 151, 1, now(), now()),
(1527, 'POZUZO', 151, 1, now(), now()),
(1528, 'PUERTO BERMUDEZ', 151, 1, now(), now()),
(1529, 'VILLA RICA', 151, 1, now(), now()),
(1530, 'PIURA', 152, 1, now(), now()),
(1531, 'CASTILLA', 152, 1, now(), now()),
(1532, 'CATACAOS', 152, 1, now(), now()),
(1533, 'CURA MORI', 152, 1, now(), now()),
(1534, 'EL TALLAN', 152, 1, now(), now()),
(1535, 'LA ARENA', 152, 1, now(), now()),
(1536, 'LA UNION', 152, 1, now(), now()),
(1537, 'LAS LOMAS', 152, 1, now(), now()),
(1538, 'TAMBO GRANDE', 152, 1, now(), now()),
(1539, 'AYABACA', 153, 1, now(), now()),
(1540, 'FRIAS', 153, 1, now(), now()),
(1541, 'JILILI', 153, 1, now(), now()),
(1542, 'LAGUNAS', 153, 1, now(), now()),
(1543, 'MONTERO', 153, 1, now(), now()),
(1544, 'PACAIPAMPA', 153, 1, now(), now()),
(1545, 'PAIMAS', 153, 1, now(), now()),
(1546, 'SAPILLICA', 153, 1, now(), now()),
(1547, 'SICCHEZ', 153, 1, now(), now()),
(1548, 'SUYO', 153, 1, now(), now()),
(1549, 'HUANCABAMBA', 154, 1, now(), now()),
(1550, 'CANCHAQUE', 154, 1, now(), now()),
(1551, 'EL CARMEN DE LA FRONTERA', 154, 1, now(), now()),
(1552, 'HUARMACA', 154, 1, now(), now()),
(1553, 'LALAQUIZ', 154, 1, now(), now()),
(1554, 'SAN MIGUEL DE EL FAIQUE', 154, 1, now(), now()),
(1555, 'SONDOR', 154, 1, now(), now()),
(1556, 'SONDORILLO', 154, 1, now(), now()),
(1557, 'CHULUCANAS', 155, 1, now(), now()),
(1558, 'BUENOS AIRES', 155, 1, now(), now()),
(1559, 'CHALACO', 155, 1, now(), now()),
(1560, 'LA MATANZA', 155, 1, now(), now()),
(1561, 'MORROPON', 155, 1, now(), now()),
(1562, 'SALITRAL', 155, 1, now(), now()),
(1563, 'SAN JUAN DE BIGOTE', 155, 1, now(), now()),
(1564, 'SANTA CATALINA DE MOSSA', 155, 1, now(), now()),
(1565, 'SANTO DOMINGO', 155, 1, now(), now()),
(1566, 'YAMANGO', 155, 1, now(), now()),
(1567, 'PAITA', 156, 1, now(), now()),
(1568, 'AMOTAPE', 156, 1, now(), now()),
(1569, 'ARENAL', 156, 1, now(), now()),
(1570, 'COLAN', 156, 1, now(), now()),
(1571, 'LA HUACA', 156, 1, now(), now()),
(1572, 'TAMARINDO', 156, 1, now(), now()),
(1573, 'VICHAYAL', 156, 1, now(), now()),
(1574, 'SULLANA', 157, 1, now(), now()),
(1575, 'BELLAVISTA', 157, 1, now(), now()),
(1576, 'IGNACIO ESCUDERO', 157, 1, now(), now()),
(1577, 'LANCONES', 157, 1, now(), now()),
(1578, 'MARCAVELICA', 157, 1, now(), now()),
(1579, 'MIGUEL CHECA', 157, 1, now(), now()),
(1580, 'QUERECOTILLO', 157, 1, now(), now()),
(1581, 'SALITRAL', 157, 1, now(), now()),
(1582, 'PARI&Ntilde;AS', 158, 1, now(), now()),
(1583, 'EL ALTO', 158, 1, now(), now()),
(1584, 'LA BREA', 158, 1, now(), now()),
(1585, 'LOBITOS', 158, 1, now(), now()),
(1586, 'LOS ORGANOS', 158, 1, now(), now()),
(1587, 'MANCORA', 158, 1, now(), now()),
(1588, 'SECHURA', 159, 1, now(), now()),
(1589, 'BELLAVISTA DE LA UNION', 159, 1, now(), now()),
(1590, 'BERNAL', 159, 1, now(), now()),
(1591, 'CRISTO NOS VALGA', 159, 1, now(), now()),
(1592, 'VICE', 159, 1, now(), now()),
(1593, 'RINCONADA LLICUAR', 159, 1, now(), now()),
(1594, 'PUNO', 160, 1, now(), now()),
(1595, 'ACORA', 160, 1, now(), now()),
(1596, 'AMANTANI', 160, 1, now(), now()),
(1597, 'ATUNCOLLA', 160, 1, now(), now()),
(1598, 'CAPACHICA', 160, 1, now(), now()),
(1599, 'CHUCUITO', 160, 1, now(), now()),
(1600, 'COATA', 160, 1, now(), now()),
(1601, 'HUATA', 160, 1, now(), now()),
(1602, 'MA&Ntilde;AZO', 160, 1, now(), now()),
(1603, 'PAUCARCOLLA', 160, 1, now(), now()),
(1604, 'PICHACANI', 160, 1, now(), now()),
(1605, 'PLATERIA', 160, 1, now(), now()),
(1606, 'SAN ANTONIO', 160, 1, now(), now()),
(1607, 'TIQUILLACA', 160, 1, now(), now()),
(1608, 'VILQUE', 160, 1, now(), now()),
(1609, 'AZANGARO', 161, 1, now(), now()),
(1610, 'ACHAYA', 161, 1, now(), now()),
(1611, 'ARAPA', 161, 1, now(), now()),
(1612, 'ASILLO', 161, 1, now(), now()),
(1613, 'CAMINACA', 161, 1, now(), now()),
(1614, 'CHUPA', 161, 1, now(), now()),
(1615, 'JOSE DOMINGO CHOQUEHUANCA', 161, 1, now(), now()),
(1616, 'MU&Ntilde;ANI', 161, 1, now(), now()),
(1617, 'POTONI', 161, 1, now(), now()),
(1618, 'SAMAN', 161, 1, now(), now()),
(1619, 'SAN ANTON', 161, 1, now(), now()),
(1620, 'SAN JOSE', 161, 1, now(), now()),
(1621, 'SAN JUAN DE SALINAS', 161, 1, now(), now()),
(1622, 'SANTIAGO DE PUPUJA', 161, 1, now(), now()),
(1623, 'TIRAPATA', 161, 1, now(), now()),
(1624, 'MACUSANI', 162, 1, now(), now()),
(1625, 'AJOYANI', 162, 1, now(), now()),
(1626, 'AYAPATA', 162, 1, now(), now()),
(1627, 'COASA', 162, 1, now(), now()),
(1628, 'CORANI', 162, 1, now(), now()),
(1629, 'CRUCERO', 162, 1, now(), now()),
(1630, 'ITUATA', 162, 1, now(), now()),
(1631, 'OLLACHEA', 162, 1, now(), now()),
(1632, 'SAN GABAN', 162, 1, now(), now()),
(1633, 'USICAYOS', 162, 1, now(), now()),
(1634, 'JULI', 163, 1, now(), now()),
(1635, 'DESAGUADERO', 163, 1, now(), now()),
(1636, 'HUACULLANI', 163, 1, now(), now()),
(1637, 'KELLUYO', 163, 1, now(), now()),
(1638, 'PISACOMA', 163, 1, now(), now()),
(1639, 'POMATA', 163, 1, now(), now()),
(1640, 'ZEPITA', 163, 1, now(), now()),
(1641, 'ILAVE', 164, 1, now(), now()),
(1642, 'CAPAZO', 164, 1, now(), now()),
(1643, 'PILCUYO', 164, 1, now(), now()),
(1644, 'SANTA ROSA', 164, 1, now(), now()),
(1645, 'CONDURIRI', 164, 1, now(), now()),
(1646, 'HUANCANE', 165, 1, now(), now()),
(1647, 'COJATA', 165, 1, now(), now()),
(1648, 'HUATASANI', 165, 1, now(), now()),
(1649, 'INCHUPALLA', 165, 1, now(), now()),
(1650, 'PUSI', 165, 1, now(), now()),
(1651, 'ROSASPATA', 165, 1, now(), now()),
(1652, 'TARACO', 165, 1, now(), now()),
(1653, 'VILQUE CHICO', 165, 1, now(), now()),
(1654, 'LAMPA', 166, 1, now(), now()),
(1655, 'CABANILLA', 166, 1, now(), now()),
(1656, 'CALAPUJA', 166, 1, now(), now()),
(1657, 'NICASIO', 166, 1, now(), now()),
(1658, 'OCUVIRI', 166, 1, now(), now()),
(1659, 'PALCA', 166, 1, now(), now()),
(1660, 'PARATIA', 166, 1, now(), now()),
(1661, 'PUCARA', 166, 1, now(), now()),
(1662, 'SANTA LUCIA', 166, 1, now(), now()),
(1663, 'VILAVILA', 166, 1, now(), now()),
(1664, 'AYAVIRI', 167, 1, now(), now()),
(1665, 'ANTAUTA', 167, 1, now(), now()),
(1666, 'CUPI', 167, 1, now(), now()),
(1667, 'LLALLI', 167, 1, now(), now()),
(1668, 'MACARI', 167, 1, now(), now()),
(1669, 'NU&Ntilde;OA', 167, 1, now(), now()),
(1670, 'ORURILLO', 167, 1, now(), now()),
(1671, 'SANTA ROSA', 167, 1, now(), now()),
(1672, 'UMACHIRI', 167, 1, now(), now()),
(1673, 'MOHO', 168, 1, now(), now()),
(1674, 'CONIMA', 168, 1, now(), now()),
(1675, 'HUAYRAPATA', 168, 1, now(), now()),
(1676, 'TILALI', 168, 1, now(), now()),
(1677, 'PUTINA', 169, 1, now(), now()),
(1678, 'ANANEA', 169, 1, now(), now()),
(1679, 'PEDRO VILCA APAZA', 169, 1, now(), now()),
(1680, 'QUILCAPUNCU', 169, 1, now(), now()),
(1681, 'SINA', 169, 1, now(), now()),
(1682, 'JULIACA', 170, 1, now(), now()),
(1683, 'CABANA', 170, 1, now(), now()),
(1684, 'CABANILLAS', 170, 1, now(), now()),
(1685, 'CARACOTO', 170, 1, now(), now()),
(1686, 'SANDIA', 171, 1, now(), now()),
(1687, 'CUYOCUYO', 171, 1, now(), now()),
(1688, 'LIMBANI', 171, 1, now(), now()),
(1689, 'PATAMBUCO', 171, 1, now(), now()),
(1690, 'PHARA', 171, 1, now(), now()),
(1691, 'QUIACA', 171, 1, now(), now()),
(1692, 'SAN JUAN DEL ORO', 171, 1, now(), now()),
(1693, 'YANAHUAYA', 171, 1, now(), now()),
(1694, 'ALTO INAMBARI', 171, 1, now(), now()),
(1695, 'YUNGUYO', 172, 1, now(), now()),
(1696, 'ANAPIA', 172, 1, now(), now()),
(1697, 'COPANI', 172, 1, now(), now()),
(1698, 'CUTURAPI', 172, 1, now(), now()),
(1699, 'OLLARAYA', 172, 1, now(), now()),
(1700, 'TINICACHI', 172, 1, now(), now()),
(1701, 'UNICACHI', 172, 1, now(), now()),
(1702, 'MOYOBAMBA', 173, 1, now(), now()),
(1703, 'CALZADA', 173, 1, now(), now()),
(1704, 'HABANA', 173, 1, now(), now()),
(1705, 'JEPELACIO', 173, 1, now(), now()),
(1706, 'SORITOR', 173, 1, now(), now()),
(1707, 'YANTALO', 173, 1, now(), now()),
(1708, 'BELLAVISTA', 174, 1, now(), now()),
(1709, 'ALTO BIAVO', 174, 1, now(), now()),
(1710, 'BAJO BIAVO', 174, 1, now(), now()),
(1711, 'HUALLAGA', 174, 1, now(), now()),
(1712, 'SAN PABLO', 174, 1, now(), now()),
(1713, 'SAN RAFAEL', 174, 1, now(), now()),
(1714, 'SAN JOSE DE SISA', 175, 1, now(), now()),
(1715, 'AGUA BLANCA', 175, 1, now(), now()),
(1716, 'SAN MARTIN', 175, 1, now(), now()),
(1717, 'SANTA ROSA', 175, 1, now(), now()),
(1718, 'SHATOJA', 175, 1, now(), now()),
(1719, 'SAPOSOA', 176, 1, now(), now()),
(1720, 'ALTO SAPOSOA', 176, 1, now(), now()),
(1721, 'EL ESLABON', 176, 1, now(), now()),
(1722, 'PISCOYACU', 176, 1, now(), now()),
(1723, 'SACANCHE', 176, 1, now(), now()),
(1724, 'TINGO DE SAPOSOA', 176, 1, now(), now()),
(1725, 'LAMAS', 177, 1, now(), now()),
(1726, 'ALONSO DE ALVARADO', 177, 1, now(), now()),
(1727, 'BARRANQUITA', 177, 1, now(), now()),
(1728, 'CAYNARACHI', 177, 1, now(), now()),
(1729, 'CU&Ntilde;UMBUQUI', 177, 1, now(), now()),
(1730, 'PINTO RECODO', 177, 1, now(), now()),
(1731, 'RUMISAPA', 177, 1, now(), now()),
(1732, 'SAN ROQUE DE CUMBAZA', 177, 1, now(), now()),
(1733, 'SHANAO', 177, 1, now(), now()),
(1734, 'TABALOSOS', 177, 1, now(), now()),
(1735, 'ZAPATERO', 177, 1, now(), now()),
(1736, 'JUANJUI', 178, 1, now(), now()),
(1737, 'CAMPANILLA', 178, 1, now(), now()),
(1738, 'HUICUNGO', 178, 1, now(), now()),
(1739, 'PACHIZA', 178, 1, now(), now()),
(1740, 'PAJARILLO', 178, 1, now(), now()),
(1741, 'PICOTA', 179, 1, now(), now()),
(1742, 'BUENOS AIRES', 179, 1, now(), now()),
(1743, 'CASPISAPA', 179, 1, now(), now()),
(1744, 'PILLUANA', 179, 1, now(), now()),
(1745, 'PUCACACA', 179, 1, now(), now()),
(1746, 'SAN CRISTOBAL', 179, 1, now(), now()),
(1747, 'SAN HILARION', 179, 1, now(), now()),
(1748, 'SHAMBOYACU', 179, 1, now(), now()),
(1749, 'TINGO DE PONASA', 179, 1, now(), now()),
(1750, 'TRES UNIDOS', 179, 1, now(), now()),
(1751, 'RIOJA', 180, 1, now(), now()),
(1752, 'AWAJUN', 180, 1, now(), now()),
(1753, 'ELIAS SOPLIN VARGAS', 180, 1, now(), now()),
(1754, 'NUEVA CAJAMARCA', 180, 1, now(), now()),
(1755, 'PARDO MIGUEL', 180, 1, now(), now()),
(1756, 'POSIC', 180, 1, now(), now()),
(1757, 'SAN FERNANDO', 180, 1, now(), now()),
(1758, 'YORONGOS', 180, 1, now(), now()),
(1759, 'YURACYACU', 180, 1, now(), now()),
(1760, 'TARAPOTO', 181, 1, now(), now()),
(1761, 'ALBERTO LEVEAU', 181, 1, now(), now()),
(1762, 'CACATACHI', 181, 1, now(), now()),
(1763, 'CHAZUTA', 181, 1, now(), now()),
(1764, 'CHIPURANA', 181, 1, now(), now()),
(1765, 'EL PORVENIR', 181, 1, now(), now()),
(1766, 'HUIMBAYOC', 181, 1, now(), now()),
(1767, 'JUAN GUERRA', 181, 1, now(), now()),
(1768, 'LA BANDA DE SHILCAYO', 181, 1, now(), now()),
(1769, 'MORALES', 181, 1, now(), now()),
(1770, 'PAPAPLAYA', 181, 1, now(), now()),
(1771, 'SAN ANTONIO', 181, 1, now(), now()),
(1772, 'SAUCE', 181, 1, now(), now()),
(1773, 'SHAPAJA', 181, 1, now(), now()),
(1774, 'TOCACHE', 182, 1, now(), now()),
(1775, 'NUEVO PROGRESO', 182, 1, now(), now()),
(1776, 'POLVORA', 182, 1, now(), now()),
(1777, 'SHUNTE', 182, 1, now(), now()),
(1778, 'UCHIZA', 182, 1, now(), now()),
(1779, 'TACNA', 183, 1, now(), now()),
(1780, 'ALTO DE LA ALIANZA', 183, 1, now(), now()),
(1781, 'CALANA', 183, 1, now(), now()),
(1782, 'CIUDAD NUEVA', 183, 1, now(), now()),
(1783, 'INCLAN', 183, 1, now(), now()),
(1784, 'PACHIA', 183, 1, now(), now()),
(1785, 'PALCA', 183, 1, now(), now()),
(1786, 'POCOLLAY', 183, 1, now(), now()),
(1787, 'SAMA', 183, 1, now(), now()),
(1788, 'CORONEL GREGORIO ALBARRACIN LANCHIPA', 183, 1, now(), now()),
(1789, 'CANDARAVE', 184, 1, now(), now()),
(1790, 'CAIRANI', 184, 1, now(), now()),
(1791, 'CAMILACA', 184, 1, now(), now()),
(1792, 'CURIBAYA', 184, 1, now(), now()),
(1793, 'HUANUARA', 184, 1, now(), now()),
(1794, 'QUILAHUANI', 184, 1, now(), now()),
(1795, 'LOCUMBA', 185, 1, now(), now()),
(1796, 'ILABAYA', 185, 1, now(), now()),
(1797, 'ITE', 185, 1, now(), now()),
(1798, 'TARATA', 186, 1, now(), now()),
(1799, 'CHUCATAMANI', 186, 1, now(), now()),
(1800, 'ESTIQUE', 186, 1, now(), now()),
(1801, 'ESTIQUE-PAMPA', 186, 1, now(), now()),
(1802, 'SITAJARA', 186, 1, now(), now()),
(1803, 'SUSAPAYA', 186, 1, now(), now()),
(1804, 'TARUCACHI', 186, 1, now(), now()),
(1805, 'TICACO', 186, 1, now(), now()),
(1806, 'TUMBES', 187, 1, now(), now()),
(1807, 'CORRALES', 187, 1, now(), now()),
(1808, 'LA CRUZ', 187, 1, now(), now()),
(1809, 'PAMPAS DE HOSPITAL', 187, 1, now(), now()),
(1810, 'SAN JACINTO', 187, 1, now(), now()),
(1811, 'SAN JUAN DE LA VIRGEN', 187, 1, now(), now()),
(1812, 'ZORRITOS', 188, 1, now(), now()),
(1813, 'CASITAS', 188, 1, now(), now()),
(1814, 'ZARUMILLA', 189, 1, now(), now()),
(1815, 'AGUAS VERDES', 189, 1, now(), now()),
(1816, 'MATAPALO', 189, 1, now(), now()),
(1817, 'PAPAYAL', 189, 1, now(), now()),
(1818, 'CALLERIA', 190, 1, now(), now()),
(1819, 'CAMPOVERDE', 190, 1, now(), now()),
(1820, 'IPARIA', 190, 1, now(), now()),
(1821, 'MASISEA', 190, 1, now(), now()),
(1822, 'YARINACOCHA', 190, 1, now(), now()),
(1823, 'NUEVA REQUENA', 190, 1, now(), now()),
(1824, 'RAYMONDI', 191, 1, now(), now()),
(1825, 'SEPAHUA', 191, 1, now(), now()),
(1826, 'TAHUANIA', 191, 1, now(), now()),
(1827, 'YURUA', 191, 1, now(), now()),
(1828, 'PADRE ABAD', 192, 1, now(), now()),
(1829, 'IRAZOLA', 192, 1, now(), now()),
(1830, 'CURIMANA', 192, 1, now(), now()),
(1831, 'PURUS', 193, 1, now(), now());

INSERT INTO tipos_pagos (nombre,orden,estado,created_at,updated_at) VALUES
('Transferencia', 1, 1 ,now(), now()),
('Billetera móvil', 2, 1 ,now(), now());

INSERT INTO financieras (nombre,estado,created_at,updated_at) VALUES
('BCP', 1 ,now(), now()),
('Interbank', 1 ,now(), now()),
('BBVA', 1 ,now(), now()),
('Scotiabank', 1 ,now(), now());

INSERT INTO financieras_tipospagos (financiera_id,tipo_pago_id,nombre,orden,estado,created_at,updated_at) VALUES
(1, 1, 'Deposito BCP', 1, 1, now(), now()),
(2, 1, 'Deposito Interbank', 2, 1, now(), now()),
(3, 1, 'Deposito BBVA', 3, 1, now(), now()),
(4, 1, 'Deposito Scotiabank', 4, 1, now(), now()),
(1, 2, 'Yape', 5, 1, now(), now()),
(2, 2, 'Tunki', 6, 1, now(), now()),
(3, 2, 'Lukita', 7, 1, now(), now());

